{"id":1832,"date":"2020-10-01T21:26:30","date_gmt":"2020-10-01T19:26:30","guid":{"rendered":"http:\/\/socjologianiepelnosprawnosci.pl\/?page_id=1832"},"modified":"2025-12-24T12:20:38","modified_gmt":"2025-12-24T11:20:38","slug":"konkursu-na-najlepsza-prace-licencjacka-i-magisterska-z-obszaru-socjologii-niepelnosprawnosci","status":"publish","type":"page","link":"https:\/\/ssn-pts.pl\/?page_id=1832","title":{"rendered":"Konkurs na Najlepsz\u0105 Prac\u0119 Licencjack\u0105 i Magistersk\u0105 z obszaru Socjologii Niepe\u0142nosprawno\u015bci"},"content":{"rendered":"\t\t<div data-elementor-type=\"wp-page\" data-elementor-id=\"1832\" class=\"elementor elementor-1832\">\n\t\t\t\t\t\t<section class=\"elementor-section elementor-top-section elementor-element elementor-element-1a63488 elementor-section-full_width elementor-section-height-default elementor-section-height-default\" data-id=\"1a63488\" data-element_type=\"section\" data-e-type=\"section\">\n\t\t\t\t\t\t<div class=\"elementor-container elementor-column-gap-default\">\n\t\t\t\t\t<div class=\"elementor-column elementor-col-100 elementor-top-column elementor-element elementor-element-3d0aa42\" data-id=\"3d0aa42\" data-element_type=\"column\" data-e-type=\"column\">\n\t\t\t<div class=\"elementor-widget-wrap elementor-element-populated\">\n\t\t\t\t\t\t<div class=\"elementor-element elementor-element-ede041a elementor-widget elementor-widget-text-editor\" data-id=\"ede041a\" data-element_type=\"widget\" data-e-type=\"widget\" data-widget_type=\"text-editor.default\">\n\t\t\t\t<div class=\"elementor-widget-container\">\n\t\t\t\t\t\t\t\t\t<p>Sekcja Socjologii Niepe\u0142nosprawno\u015bci Polskiego Towarzystwa Socjologicznego serdecznie zaprasza do udzia\u0142u w &#8222;Konkursie na Najlepsz\u0105 Prac\u0119 Licencjack\u0105 i Magistersk\u0105 z obszaru Socjologii Niepe\u0142nosprawno\u015bci&#8221;.<\/p><p>Do konkursu mog\u0105 zosta\u0107 zg\u0142oszone prace dyplomowe obronione w bie\u017c\u0105cym roku (roku og\u0142oszenia konkursu). Termin nadsy\u0142ania zg\u0142osze\u0144 up\u0142ywa 31 grudnia br.<\/p><p>Zg\u0142oszenia nale\u017cy nadsy\u0142a\u0107 drog\u0105 mailow\u0105 na adres: <a href=\"mailto:sekcjasnpts@gmail.com\">sekcjasnpts@gmail.com<\/a><\/p><p>Zapraszamy do aplikowania!<\/p>\t\t\t\t\t\t\t\t<\/div>\n\t\t\t\t<\/div>\n\t\t\t\t\t<\/div>\n\t\t<\/div>\n\t\t\t\t\t<\/div>\n\t\t<\/section>\n\t\t\t\t<section class=\"elementor-section elementor-top-section elementor-element elementor-element-8e00fe4 elementor-section-full_width elementor-section-height-default elementor-section-height-default\" data-id=\"8e00fe4\" data-element_type=\"section\" data-e-type=\"section\">\n\t\t\t\t\t\t<div class=\"elementor-container elementor-column-gap-default\">\n\t\t\t\t\t<div class=\"elementor-column elementor-col-33 elementor-top-column elementor-element elementor-element-6f66cab\" data-id=\"6f66cab\" data-element_type=\"column\" data-e-type=\"column\">\n\t\t\t<div class=\"elementor-widget-wrap elementor-element-populated\">\n\t\t\t\t\t\t<div class=\"elementor-element elementor-element-845b31f elementor-align-center elementor-widget elementor-widget-button\" data-id=\"845b31f\" data-element_type=\"widget\" data-e-type=\"widget\" data-widget_type=\"button.default\">\n\t\t\t\t<div class=\"elementor-widget-container\">\n\t\t\t\t\t\t\t\t\t<div class=\"elementor-button-wrapper\">\n\t\t\t\t\t<a class=\"elementor-button elementor-button-link elementor-size-sm\" href=\"https:\/\/ssn-pts.pl\/wp-content\/uploads\/2025\/12\/reguamin-konkurs-nnpzosn_24.12.pdf\" target=\"_blank\">\n\t\t\t\t\t\t<span class=\"elementor-button-content-wrapper\">\n\t\t\t\t\t\t\t\t\t<span class=\"elementor-button-text\">Regulamin konkursu<\/span>\n\t\t\t\t\t<\/span>\n\t\t\t\t\t<\/a>\n\t\t\t\t<\/div>\n\t\t\t\t\t\t\t\t<\/div>\n\t\t\t\t<\/div>\n\t\t\t\t\t<\/div>\n\t\t<\/div>\n\t\t\t\t<div class=\"elementor-column elementor-col-33 elementor-top-column elementor-element elementor-element-49b1a15\" data-id=\"49b1a15\" data-element_type=\"column\" data-e-type=\"column\">\n\t\t\t<div class=\"elementor-widget-wrap elementor-element-populated\">\n\t\t\t\t\t\t<div class=\"elementor-element elementor-element-31d22c5 elementor-align-center elementor-widget elementor-widget-button\" data-id=\"31d22c5\" data-element_type=\"widget\" data-e-type=\"widget\" data-widget_type=\"button.default\">\n\t\t\t\t<div class=\"elementor-widget-container\">\n\t\t\t\t\t\t\t\t\t<div class=\"elementor-button-wrapper\">\n\t\t\t\t\t<a class=\"elementor-button elementor-button-link elementor-size-sm\" href=\"https:\/\/ssn-pts.pl\/wp-content\/uploads\/2023\/10\/Konkurs_Zalacznik_1-2.doc\" target=\"_blank\">\n\t\t\t\t\t\t<span class=\"elementor-button-content-wrapper\">\n\t\t\t\t\t\t\t\t\t<span class=\"elementor-button-text\">O\u015bwiadczenie autora<\/span>\n\t\t\t\t\t<\/span>\n\t\t\t\t\t<\/a>\n\t\t\t\t<\/div>\n\t\t\t\t\t\t\t\t<\/div>\n\t\t\t\t<\/div>\n\t\t\t\t\t<\/div>\n\t\t<\/div>\n\t\t\t\t<div class=\"elementor-column elementor-col-33 elementor-top-column elementor-element elementor-element-379f422\" data-id=\"379f422\" data-element_type=\"column\" data-e-type=\"column\">\n\t\t\t<div class=\"elementor-widget-wrap elementor-element-populated\">\n\t\t\t\t\t\t<div class=\"elementor-element elementor-element-9e6d9e5 elementor-align-center elementor-widget elementor-widget-button\" data-id=\"9e6d9e5\" data-element_type=\"widget\" data-e-type=\"widget\" data-widget_type=\"button.default\">\n\t\t\t\t<div class=\"elementor-widget-container\">\n\t\t\t\t\t\t\t\t\t<div class=\"elementor-button-wrapper\">\n\t\t\t\t\t<a class=\"elementor-button elementor-button-link elementor-size-sm\" href=\"https:\/\/ssn-pts.pl\/wp-content\/uploads\/2023\/10\/Konkurs_Zalacznik_2.doc\" target=\"_blank\">\n\t\t\t\t\t\t<span class=\"elementor-button-content-wrapper\">\n\t\t\t\t\t\t\t\t\t<span class=\"elementor-button-text\">O\u015bwiadczenie promotora (nieobowi\u0105zkowe od 2025 roku)<\/span>\n\t\t\t\t\t<\/span>\n\t\t\t\t\t<\/a>\n\t\t\t\t<\/div>\n\t\t\t\t\t\t\t\t<\/div>\n\t\t\t\t<\/div>\n\t\t\t\t\t<\/div>\n\t\t<\/div>\n\t\t\t\t\t<\/div>\n\t\t<\/section>\n\t\t\t\t<\/div>\n\t\t","protected":false},"excerpt":{"rendered":"<p>Sekcja Socjologii Niepe\u0142nosprawno\u015bci Polskiego Towarzystwa Socjologicznego serdecznie zaprasza do udzia\u0142u w &#8222;Konkursie na Najlepsz\u0105 Prac\u0119 Licencjack\u0105 i Magistersk\u0105 z obszaru Socjologii Niepe\u0142nosprawno\u015bci&#8221;. Do konkursu mog\u0105 zosta\u0107 zg\u0142oszone prace dyplomowe obronione w bie\u017c\u0105cym roku (roku og\u0142oszenia konkursu). Termin nadsy\u0142ania zg\u0142osze\u0144 up\u0142ywa 31 grudnia br. Zg\u0142oszenia nale\u017cy nadsy\u0142a\u0107 drog\u0105 mailow\u0105 na adres:&#8230;<\/p>\n","protected":false},"author":1,"featured_media":0,"parent":0,"menu_order":0,"comment_status":"closed","ping_status":"closed","template":"","meta":{"footnotes":""},"class_list":["post-1832","page","type-page","status-publish","hentry"],"yoast_head":"<!-- This site is optimized with the Yoast SEO plugin v19.12 - https:\/\/yoast.com\/wordpress\/plugins\/seo\/ -->\n<title>Konkurs na Najlepsz\u0105 Prac\u0119 Licencjack\u0105 i Magistersk\u0105 z obszaru Socjologii Niepe\u0142nosprawno\u015bci - Sekcja PTS Socjologii Niepe\u0142nosprawno\u015bci<\/title>\n<meta name=\"robots\" content=\"index, follow, max-snippet:-1, max-image-preview:large, max-video-preview:-1\" \/>\n<link rel=\"canonical\" href=\"https:\/\/ssn-pts.pl\/?page_id=1832\" \/>\n<meta property=\"og:locale\" content=\"pl_PL\" \/>\n<meta property=\"og:type\" content=\"article\" \/>\n<meta property=\"og:title\" content=\"Konkurs na Najlepsz\u0105 Prac\u0119 Licencjack\u0105 i Magistersk\u0105 z obszaru Socjologii Niepe\u0142nosprawno\u015bci - Sekcja PTS Socjologii Niepe\u0142nosprawno\u015bci\" \/>\n<meta property=\"og:description\" content=\"Sekcja Socjologii Niepe\u0142nosprawno\u015bci Polskiego Towarzystwa Socjologicznego serdecznie zaprasza do udzia\u0142u w &#8222;Konkursie na Najlepsz\u0105 Prac\u0119 Licencjack\u0105 i Magistersk\u0105 z obszaru Socjologii Niepe\u0142nosprawno\u015bci&#8221;. Do konkursu mog\u0105 zosta\u0107 zg\u0142oszone prace dyplomowe obronione w bie\u017c\u0105cym roku (roku og\u0142oszenia konkursu). Termin nadsy\u0142ania zg\u0142osze\u0144 up\u0142ywa 31 grudnia br. Zg\u0142oszenia nale\u017cy nadsy\u0142a\u0107 drog\u0105 mailow\u0105 na adres:...\" \/>\n<meta property=\"og:url\" content=\"https:\/\/ssn-pts.pl\/?page_id=1832\" \/>\n<meta property=\"og:site_name\" content=\"Sekcja PTS Socjologii Niepe\u0142nosprawno\u015bci\" \/>\n<meta property=\"article:publisher\" content=\"https:\/\/www.facebook.com\/pg\/SSNPTS\" \/>\n<meta property=\"article:modified_time\" content=\"2025-12-24T11:20:38+00:00\" \/>\n<meta name=\"twitter:card\" content=\"summary_large_image\" \/>\n<meta name=\"twitter:label1\" content=\"Szacowany czas czytania\" \/>\n\t<meta name=\"twitter:data1\" content=\"1 minuta\" \/>\n<script type=\"application\/ld+json\" class=\"yoast-schema-graph\">{\"@context\":\"https:\/\/schema.org\",\"@graph\":[{\"@type\":\"WebPage\",\"@id\":\"https:\/\/ssn-pts.pl\/?page_id=1832\",\"url\":\"https:\/\/ssn-pts.pl\/?page_id=1832\",\"name\":\"Konkurs na Najlepsz\u0105 Prac\u0119 Licencjack\u0105 i Magistersk\u0105 z obszaru Socjologii Niepe\u0142nosprawno\u015bci - Sekcja PTS Socjologii Niepe\u0142nosprawno\u015bci\",\"isPartOf\":{\"@id\":\"http:\/\/ssn-pts.pl\/#website\"},\"datePublished\":\"2020-10-01T19:26:30+00:00\",\"dateModified\":\"2025-12-24T11:20:38+00:00\",\"breadcrumb\":{\"@id\":\"https:\/\/ssn-pts.pl\/?page_id=1832#breadcrumb\"},\"inLanguage\":\"pl-PL\",\"potentialAction\":[{\"@type\":\"ReadAction\",\"target\":[\"https:\/\/ssn-pts.pl\/?page_id=1832\"]}]},{\"@type\":\"BreadcrumbList\",\"@id\":\"https:\/\/ssn-pts.pl\/?page_id=1832#breadcrumb\",\"itemListElement\":[{\"@type\":\"ListItem\",\"position\":1,\"name\":\"Strona g\u0142\u00f3wna\",\"item\":\"http:\/\/ssn-pts.pl\/\"},{\"@type\":\"ListItem\",\"position\":2,\"name\":\"Konkurs na Najlepsz\u0105 Prac\u0119 Licencjack\u0105 i Magistersk\u0105 z obszaru Socjologii Niepe\u0142nosprawno\u015bci\"}]},{\"@type\":\"WebSite\",\"@id\":\"http:\/\/ssn-pts.pl\/#website\",\"url\":\"http:\/\/ssn-pts.pl\/\",\"name\":\"Sekcja PTS Socjologia Niepe\u0142nosprawno\u015bci\",\"description\":\"\",\"publisher\":{\"@id\":\"http:\/\/ssn-pts.pl\/#organization\"},\"potentialAction\":[{\"@type\":\"SearchAction\",\"target\":{\"@type\":\"EntryPoint\",\"urlTemplate\":\"http:\/\/ssn-pts.pl\/?s={search_term_string}\"},\"query-input\":\"required name=search_term_string\"}],\"inLanguage\":\"pl-PL\"},{\"@type\":\"Organization\",\"@id\":\"http:\/\/ssn-pts.pl\/#organization\",\"name\":\"Sekcja PTS Socjologia Niepe\u0142nosprawno\u015bci\",\"url\":\"http:\/\/ssn-pts.pl\/\",\"logo\":{\"@type\":\"ImageObject\",\"inLanguage\":\"pl-PL\",\"@id\":\"http:\/\/ssn-pts.pl\/#\/schema\/logo\/image\/\",\"url\":\"http:\/\/socjologianiepelnosprawnosci.pl\/wp-content\/uploads\/2019\/07\/logo.png\",\"contentUrl\":\"http:\/\/socjologianiepelnosprawnosci.pl\/wp-content\/uploads\/2019\/07\/logo.png\",\"width\":872,\"height\":604,\"caption\":\"Sekcja PTS Socjologia Niepe\u0142nosprawno\u015bci\"},\"image\":{\"@id\":\"http:\/\/ssn-pts.pl\/#\/schema\/logo\/image\/\"},\"sameAs\":[\"https:\/\/www.facebook.com\/pg\/SSNPTS\"]}]}<\/script>\n<!-- \/ Yoast SEO plugin. -->","yoast_head_json":{"title":"Konkurs na Najlepsz\u0105 Prac\u0119 Licencjack\u0105 i Magistersk\u0105 z obszaru Socjologii Niepe\u0142nosprawno\u015bci - Sekcja PTS Socjologii Niepe\u0142nosprawno\u015bci","robots":{"index":"index","follow":"follow","max-snippet":"max-snippet:-1","max-image-preview":"max-image-preview:large","max-video-preview":"max-video-preview:-1"},"canonical":"https:\/\/ssn-pts.pl\/?page_id=1832","og_locale":"pl_PL","og_type":"article","og_title":"Konkurs na Najlepsz\u0105 Prac\u0119 Licencjack\u0105 i Magistersk\u0105 z obszaru Socjologii Niepe\u0142nosprawno\u015bci - Sekcja PTS Socjologii Niepe\u0142nosprawno\u015bci","og_description":"Sekcja Socjologii Niepe\u0142nosprawno\u015bci Polskiego Towarzystwa Socjologicznego serdecznie zaprasza do udzia\u0142u w &#8222;Konkursie na Najlepsz\u0105 Prac\u0119 Licencjack\u0105 i Magistersk\u0105 z obszaru Socjologii Niepe\u0142nosprawno\u015bci&#8221;. Do konkursu mog\u0105 zosta\u0107 zg\u0142oszone prace dyplomowe obronione w bie\u017c\u0105cym roku (roku og\u0142oszenia konkursu). Termin nadsy\u0142ania zg\u0142osze\u0144 up\u0142ywa 31 grudnia br. Zg\u0142oszenia nale\u017cy nadsy\u0142a\u0107 drog\u0105 mailow\u0105 na adres:...","og_url":"https:\/\/ssn-pts.pl\/?page_id=1832","og_site_name":"Sekcja PTS Socjologii Niepe\u0142nosprawno\u015bci","article_publisher":"https:\/\/www.facebook.com\/pg\/SSNPTS","article_modified_time":"2025-12-24T11:20:38+00:00","twitter_card":"summary_large_image","twitter_misc":{"Szacowany czas czytania":"1 minuta"},"schema":{"@context":"https:\/\/schema.org","@graph":[{"@type":"WebPage","@id":"https:\/\/ssn-pts.pl\/?page_id=1832","url":"https:\/\/ssn-pts.pl\/?page_id=1832","name":"Konkurs na Najlepsz\u0105 Prac\u0119 Licencjack\u0105 i Magistersk\u0105 z obszaru Socjologii Niepe\u0142nosprawno\u015bci - Sekcja PTS Socjologii Niepe\u0142nosprawno\u015bci","isPartOf":{"@id":"http:\/\/ssn-pts.pl\/#website"},"datePublished":"2020-10-01T19:26:30+00:00","dateModified":"2025-12-24T11:20:38+00:00","breadcrumb":{"@id":"https:\/\/ssn-pts.pl\/?page_id=1832#breadcrumb"},"inLanguage":"pl-PL","potentialAction":[{"@type":"ReadAction","target":["https:\/\/ssn-pts.pl\/?page_id=1832"]}]},{"@type":"BreadcrumbList","@id":"https:\/\/ssn-pts.pl\/?page_id=1832#breadcrumb","itemListElement":[{"@type":"ListItem","position":1,"name":"Strona g\u0142\u00f3wna","item":"http:\/\/ssn-pts.pl\/"},{"@type":"ListItem","position":2,"name":"Konkurs na Najlepsz\u0105 Prac\u0119 Licencjack\u0105 i Magistersk\u0105 z obszaru Socjologii Niepe\u0142nosprawno\u015bci"}]},{"@type":"WebSite","@id":"http:\/\/ssn-pts.pl\/#website","url":"http:\/\/ssn-pts.pl\/","name":"Sekcja PTS Socjologia Niepe\u0142nosprawno\u015bci","description":"","publisher":{"@id":"http:\/\/ssn-pts.pl\/#organization"},"potentialAction":[{"@type":"SearchAction","target":{"@type":"EntryPoint","urlTemplate":"http:\/\/ssn-pts.pl\/?s={search_term_string}"},"query-input":"required name=search_term_string"}],"inLanguage":"pl-PL"},{"@type":"Organization","@id":"http:\/\/ssn-pts.pl\/#organization","name":"Sekcja PTS Socjologia Niepe\u0142nosprawno\u015bci","url":"http:\/\/ssn-pts.pl\/","logo":{"@type":"ImageObject","inLanguage":"pl-PL","@id":"http:\/\/ssn-pts.pl\/#\/schema\/logo\/image\/","url":"http:\/\/socjologianiepelnosprawnosci.pl\/wp-content\/uploads\/2019\/07\/logo.png","contentUrl":"http:\/\/socjologianiepelnosprawnosci.pl\/wp-content\/uploads\/2019\/07\/logo.png","width":872,"height":604,"caption":"Sekcja PTS Socjologia Niepe\u0142nosprawno\u015bci"},"image":{"@id":"http:\/\/ssn-pts.pl\/#\/schema\/logo\/image\/"},"sameAs":["https:\/\/www.facebook.com\/pg\/SSNPTS"]}]}},"_links":{"self":[{"href":"https:\/\/ssn-pts.pl\/index.php?rest_route=\/wp\/v2\/pages\/1832"}],"collection":[{"href":"https:\/\/ssn-pts.pl\/index.php?rest_route=\/wp\/v2\/pages"}],"about":[{"href":"https:\/\/ssn-pts.pl\/index.php?rest_route=\/wp\/v2\/types\/page"}],"author":[{"embeddable":true,"href":"https:\/\/ssn-pts.pl\/index.php?rest_route=\/wp\/v2\/users\/1"}],"replies":[{"embeddable":true,"href":"https:\/\/ssn-pts.pl\/index.php?rest_route=%2Fwp%2Fv2%2Fcomments&post=1832"}],"version-history":[{"count":81,"href":"https:\/\/ssn-pts.pl\/index.php?rest_route=\/wp\/v2\/pages\/1832\/revisions"}],"predecessor-version":[{"id":26534,"href":"https:\/\/ssn-pts.pl\/index.php?rest_route=\/wp\/v2\/pages\/1832\/revisions\/26534"}],"wp:attachment":[{"href":"https:\/\/ssn-pts.pl\/index.php?rest_route=%2Fwp%2Fv2%2Fmedia&parent=1832"}],"curies":[{"name":"wp","href":"https:\/\/api.w.org\/{rel}","templated":true}]}}