{"id":1893,"date":"2020-11-03T14:38:46","date_gmt":"2020-11-03T13:38:46","guid":{"rendered":"http:\/\/socjologianiepelnosprawnosci.pl\/?page_id=1893"},"modified":"2025-12-24T12:34:58","modified_gmt":"2025-12-24T11:34:58","slug":"regulamin","status":"publish","type":"page","link":"https:\/\/ssn-pts.pl\/?page_id=1893","title":{"rendered":"Regulamin"},"content":{"rendered":"\t\t<div data-elementor-type=\"wp-page\" data-elementor-id=\"1893\" class=\"elementor elementor-1893\">\n\t\t\t\t\t\t<section class=\"elementor-section elementor-top-section elementor-element elementor-element-e5454d1 elementor-section-full_width elementor-section-height-default elementor-section-height-default\" data-id=\"e5454d1\" data-element_type=\"section\" data-e-type=\"section\">\n\t\t\t\t\t\t<div class=\"elementor-container elementor-column-gap-default\">\n\t\t\t\t\t<div class=\"elementor-column elementor-col-100 elementor-top-column elementor-element elementor-element-cf5d016\" data-id=\"cf5d016\" data-element_type=\"column\" data-e-type=\"column\" data-settings=\"{&quot;background_background&quot;:&quot;classic&quot;}\">\n\t\t\t<div class=\"elementor-widget-wrap elementor-element-populated\">\n\t\t\t\t\t\t<div class=\"elementor-element elementor-element-75b236c elementor-widget elementor-widget-heading\" data-id=\"75b236c\" data-element_type=\"widget\" data-e-type=\"widget\" data-widget_type=\"heading.default\">\n\t\t\t\t<div class=\"elementor-widget-container\">\n\t\t\t\t\t<h2 class=\"elementor-heading-title elementor-size-default\">Regulamin \"Konkursu na Najlepsz\u0105 Prac\u0119 Licencjack\u0105 i Magistersk\u0105 z obszaru Socjologii Niepe\u0142nosprawno\u015bci\"<\/h2>\t\t\t\t<\/div>\n\t\t\t\t<\/div>\n\t\t\t\t\t<\/div>\n\t\t<\/div>\n\t\t\t\t\t<\/div>\n\t\t<\/section>\n\t\t\t\t<section class=\"elementor-section elementor-top-section elementor-element elementor-element-d88cde1 elementor-section-full_width elementor-section-height-default elementor-section-height-default\" data-id=\"d88cde1\" data-element_type=\"section\" data-e-type=\"section\">\n\t\t\t\t\t\t<div class=\"elementor-container elementor-column-gap-default\">\n\t\t\t\t\t<div class=\"elementor-column elementor-col-100 elementor-top-column elementor-element elementor-element-b64498a\" data-id=\"b64498a\" data-element_type=\"column\" data-e-type=\"column\">\n\t\t\t<div class=\"elementor-widget-wrap elementor-element-populated\">\n\t\t\t\t\t\t<div class=\"elementor-element elementor-element-d46e486 elementor-widget elementor-widget-heading\" data-id=\"d46e486\" data-element_type=\"widget\" data-e-type=\"widget\" data-widget_type=\"heading.default\">\n\t\t\t\t<div class=\"elementor-widget-container\">\n\t\t\t\t\t<h5 class=\"elementor-heading-title elementor-size-default\">\u00a71  <br>Konkurs\n<\/h5>\t\t\t\t<\/div>\n\t\t\t\t<\/div>\n\t\t\t\t\t<\/div>\n\t\t<\/div>\n\t\t\t\t\t<\/div>\n\t\t<\/section>\n\t\t\t\t<section class=\"elementor-section elementor-top-section elementor-element elementor-element-732c90a elementor-section-full_width elementor-section-height-default elementor-section-height-default\" data-id=\"732c90a\" data-element_type=\"section\" data-e-type=\"section\">\n\t\t\t\t\t\t<div class=\"elementor-container elementor-column-gap-default\">\n\t\t\t\t\t<div class=\"elementor-column elementor-col-100 elementor-top-column elementor-element elementor-element-d092e88\" data-id=\"d092e88\" data-element_type=\"column\" data-e-type=\"column\">\n\t\t\t<div class=\"elementor-widget-wrap elementor-element-populated\">\n\t\t\t\t\t\t<div class=\"elementor-element elementor-element-fbef727 elementor-widget elementor-widget-text-editor\" data-id=\"fbef727\" data-element_type=\"widget\" data-e-type=\"widget\" data-widget_type=\"text-editor.default\">\n\t\t\t\t<div class=\"elementor-widget-container\">\n\t\t\t\t\t\t\t\t\t<ol><li>Organizatorem konkursu jest Polskie Towarzystwo Socjologiczne \u2013 Sekcja Socjologii Niepe\u0142nosprawno\u015bci.<\/li><li>Celem konkursu jest promowanie najlepszych prac dyplomowych (prac licencjackich oraz prac magisterskich) z zakresu socjologii niepe\u0142nosprawno\u015bci.<\/li><\/ol>\t\t\t\t\t\t\t\t<\/div>\n\t\t\t\t<\/div>\n\t\t\t\t\t<\/div>\n\t\t<\/div>\n\t\t\t\t\t<\/div>\n\t\t<\/section>\n\t\t\t\t<section class=\"elementor-section elementor-top-section elementor-element elementor-element-a303dec elementor-section-boxed elementor-section-height-default elementor-section-height-default\" data-id=\"a303dec\" data-element_type=\"section\" data-e-type=\"section\">\n\t\t\t\t\t\t<div class=\"elementor-container elementor-column-gap-default\">\n\t\t\t\t\t<div class=\"elementor-column elementor-col-100 elementor-top-column elementor-element elementor-element-17f198c\" data-id=\"17f198c\" data-element_type=\"column\" data-e-type=\"column\">\n\t\t\t<div class=\"elementor-widget-wrap elementor-element-populated\">\n\t\t\t\t\t\t<div class=\"elementor-element elementor-element-a7d773e elementor-widget elementor-widget-heading\" data-id=\"a7d773e\" data-element_type=\"widget\" data-e-type=\"widget\" data-widget_type=\"heading.default\">\n\t\t\t\t<div class=\"elementor-widget-container\">\n\t\t\t\t\t<h5 class=\"elementor-heading-title elementor-size-default\">\u00a72<br>\n\nZg\u0142aszanie prac<\/h5>\t\t\t\t<\/div>\n\t\t\t\t<\/div>\n\t\t\t\t\t<\/div>\n\t\t<\/div>\n\t\t\t\t\t<\/div>\n\t\t<\/section>\n\t\t\t\t<section class=\"elementor-section elementor-top-section elementor-element elementor-element-a8d84d5 elementor-section-full_width elementor-section-height-default elementor-section-height-default\" data-id=\"a8d84d5\" data-element_type=\"section\" data-e-type=\"section\">\n\t\t\t\t\t\t<div class=\"elementor-container elementor-column-gap-default\">\n\t\t\t\t\t<div class=\"elementor-column elementor-col-100 elementor-top-column elementor-element elementor-element-ef8cee6\" data-id=\"ef8cee6\" data-element_type=\"column\" data-e-type=\"column\">\n\t\t\t<div class=\"elementor-widget-wrap elementor-element-populated\">\n\t\t\t\t\t\t<div class=\"elementor-element elementor-element-f456c85 elementor-widget elementor-widget-text-editor\" data-id=\"f456c85\" data-element_type=\"widget\" data-e-type=\"widget\" data-widget_type=\"text-editor.default\">\n\t\t\t\t<div class=\"elementor-widget-container\">\n\t\t\t\t\t\t\t\t\t<ol><li>Konkurs organizowany jest corocznie. W ka\u017cdym roku do konkursu zg\u0142aszane mog\u0105 by\u0107 prace licencjackie i magisterskie z egzamin\u00f3w dyplomowych z bie\u017c\u0105cego roku kalendarzowego.<\/li><li>W konkursie mog\u0105 bra\u0107 udzia\u0142 prace traktuj\u0105ce o spo\u0142ecznych aspektach i kontekstach niepe\u0142nosprawno\u015bci. Zg\u0142aszane do konkursu prace nie musz\u0105 by\u0107 przygotowywane na kierunkach socjologicznych, lecz wymagane jest stosowanie przez ich autor\u00f3w narz\u0119dzi teoretycznych i metodologicznych wypracowanych na gruncie socjologii.<\/li><li>Prace do nagrody zg\u0142aszaj\u0105 ich autorzy\/ki. Do zg\u0142oszenia nale\u017cy do\u0142\u0105czy\u0107 orygina\u0142 dokumentu potwierdzaj\u0105cego, \u017ce praca zosta\u0142a przedstawiona podczas egzaminu dyplomowego. Prace nale\u017cy dostarcza\u0107 w formie elektronicznej na adres mailowy Sekcji Socjologii Niepe\u0142nosprawno\u015bci PTS (<a href=\"mailto:sekcjasnpts@gmail.com\">sekcjasnpts@gmail.com<\/a>). Osoba zg\u0142aszaj\u0105ca prac\u0119 jest zobowi\u0105zany dostarczy\u0107 uzupe\u0142nione i podpisane\u00a0<a href=\"https:\/\/ssn-pts.pl\/wp-content\/uploads\/2023\/10\/Konkurs_Zalacznik_1-2.doc\" target=\"_blank\" rel=\"noopener\">O\u015bwiadczenie<\/a>, kt\u00f3re stanowi za\u0142\u0105cznik do niniejszego regulaminu.<\/li><li><strong>Termin zg\u0142aszania prac up\u0142ywa 31 grudnia ka\u017cdego roku.<\/strong><\/li><li>Zg\u0142oszenia konkursowe niekompletne, zg\u0142oszenia niespe\u0142niaj\u0105ce warunk\u00f3w formalnych Konkursu b\u0105d\u017a wymaga\u0144 zawartych w Regulaminie, zg\u0142oszenia dostarczone Organizatorowi po wyznaczonym terminie oraz zg\u0142oszenia, do kt\u00f3rych za\u0142\u0105czniki zosta\u0142y dostarczone Organizatorowi po wyznaczonym terminie, nie b\u0119d\u0105 rozpatrywane.<\/li><li>Zg\u0142oszenie konkursowe mo\u017ce by\u0107 wycofane na ka\u017cdym etapie Konkursu na pisemn\u0105 pro\u015bb\u0119 Uczestnika, a\u017c do momentu og\u0142oszenia wynik\u00f3w Konkursu<strong>.\u00a0 \u00a0 \u00a0 \u00a0 \u00a0 \u00a0 \u00a0 \u00a0 \u00a0 \u00a0 \u00a0 \u00a0 \u00a0 \u00a0 \u00a0 \u00a0 \u00a0 \u00a0 \u00a0 \u00a0 \u00a0\u00a0<br \/><\/strong><\/li><\/ol>\t\t\t\t\t\t\t\t<\/div>\n\t\t\t\t<\/div>\n\t\t\t\t\t<\/div>\n\t\t<\/div>\n\t\t\t\t\t<\/div>\n\t\t<\/section>\n\t\t\t\t<section class=\"elementor-section elementor-top-section elementor-element elementor-element-e51c10f elementor-section-full_width elementor-section-height-default elementor-section-height-default\" data-id=\"e51c10f\" data-element_type=\"section\" data-e-type=\"section\">\n\t\t\t\t\t\t<div class=\"elementor-container elementor-column-gap-default\">\n\t\t\t\t\t<div class=\"elementor-column elementor-col-100 elementor-top-column elementor-element elementor-element-62afad1\" data-id=\"62afad1\" data-element_type=\"column\" data-e-type=\"column\">\n\t\t\t<div class=\"elementor-widget-wrap elementor-element-populated\">\n\t\t\t\t\t\t<div class=\"elementor-element elementor-element-f0869a2 elementor-widget elementor-widget-heading\" data-id=\"f0869a2\" data-element_type=\"widget\" data-e-type=\"widget\" data-widget_type=\"heading.default\">\n\t\t\t\t<div class=\"elementor-widget-container\">\n\t\t\t\t\t<h5 class=\"elementor-heading-title elementor-size-default\">\u00a73<br>\n\nNagrody i og\u0142oszenie wynik\u00f3w<\/h5>\t\t\t\t<\/div>\n\t\t\t\t<\/div>\n\t\t\t\t\t<\/div>\n\t\t<\/div>\n\t\t\t\t\t<\/div>\n\t\t<\/section>\n\t\t\t\t<section class=\"elementor-section elementor-top-section elementor-element elementor-element-fabe823 elementor-section-full_width elementor-section-height-default elementor-section-height-default\" data-id=\"fabe823\" data-element_type=\"section\" data-e-type=\"section\">\n\t\t\t\t\t\t<div class=\"elementor-container elementor-column-gap-default\">\n\t\t\t\t\t<div class=\"elementor-column elementor-col-100 elementor-top-column elementor-element elementor-element-37e13fa\" data-id=\"37e13fa\" data-element_type=\"column\" data-e-type=\"column\">\n\t\t\t<div class=\"elementor-widget-wrap elementor-element-populated\">\n\t\t\t\t\t\t<div class=\"elementor-element elementor-element-cd47b14 elementor-widget elementor-widget-text-editor\" data-id=\"cd47b14\" data-element_type=\"widget\" data-e-type=\"widget\" data-widget_type=\"text-editor.default\">\n\t\t\t\t<div class=\"elementor-widget-container\">\n\t\t\t\t\t\t\t\t\t<ol>\n<li>Prace licencjackie i prace magisterskie oceniane s\u0105 osobno. W ka\u017cdej z tych kategorii jury przyznaje jedn\u0105 nagrod\u0119 g\u0142\u00f3wn\u0105. Jury dodatkowo ma prawo przyzna\u0107 wyr\u00f3\u017cnienia. Jury ma prawo nie przyzna\u0107 nagrody.<\/li>\n<li>Zwyci\u0119zcy konkursu otrzymuj\u0105 dyplomy. Autorzy\/rki zwyci\u0119skich i wyr\u00f3\u017cnionych prac s\u0105 zaproszeni do wyg\u0142oszenia referat\u00f3w podczas spotka\u0144 autorskich organizowanych przez Sekcj\u0105 Socjologii Niepe\u0142nosprawno\u015bci.<\/li>\n<li>Rozstrzygni\u0119cie konkursu oraz wr\u0119czenie nagr\u00f3d odbywa si\u0119 podczas spotka\u0144 autorskich organizowanych przez Sekcj\u0119. Nast\u0119pnie wyniki zostaj\u0105 og\u0142oszone na stronie internetowej PTS.<\/li>\n<\/ol>\t\t\t\t\t\t\t\t<\/div>\n\t\t\t\t<\/div>\n\t\t\t\t\t<\/div>\n\t\t<\/div>\n\t\t\t\t\t<\/div>\n\t\t<\/section>\n\t\t\t\t<section class=\"elementor-section elementor-top-section elementor-element elementor-element-99484bc elementor-section-boxed elementor-section-height-default elementor-section-height-default\" data-id=\"99484bc\" data-element_type=\"section\" data-e-type=\"section\">\n\t\t\t\t\t\t<div class=\"elementor-container elementor-column-gap-default\">\n\t\t\t\t\t<div class=\"elementor-column elementor-col-100 elementor-top-column elementor-element elementor-element-948214f\" data-id=\"948214f\" data-element_type=\"column\" data-e-type=\"column\">\n\t\t\t<div class=\"elementor-widget-wrap elementor-element-populated\">\n\t\t\t\t\t\t<div class=\"elementor-element elementor-element-32fa119 elementor-widget elementor-widget-heading\" data-id=\"32fa119\" data-element_type=\"widget\" data-e-type=\"widget\" data-widget_type=\"heading.default\">\n\t\t\t\t<div class=\"elementor-widget-container\">\n\t\t\t\t\t<h5 class=\"elementor-heading-title elementor-size-default\">\u00a74<br>\n\nJury<\/h5>\t\t\t\t<\/div>\n\t\t\t\t<\/div>\n\t\t\t\t\t<\/div>\n\t\t<\/div>\n\t\t\t\t\t<\/div>\n\t\t<\/section>\n\t\t\t\t<section class=\"elementor-section elementor-top-section elementor-element elementor-element-63b7546 elementor-section-full_width elementor-section-height-default elementor-section-height-default\" data-id=\"63b7546\" data-element_type=\"section\" data-e-type=\"section\">\n\t\t\t\t\t\t<div class=\"elementor-container elementor-column-gap-default\">\n\t\t\t\t\t<div class=\"elementor-column elementor-col-100 elementor-top-column elementor-element elementor-element-88689f0\" data-id=\"88689f0\" data-element_type=\"column\" data-e-type=\"column\">\n\t\t\t<div class=\"elementor-widget-wrap elementor-element-populated\">\n\t\t\t\t\t\t<div class=\"elementor-element elementor-element-d800ae7 elementor-widget elementor-widget-text-editor\" data-id=\"d800ae7\" data-element_type=\"widget\" data-e-type=\"widget\" data-widget_type=\"text-editor.default\">\n\t\t\t\t<div class=\"elementor-widget-container\">\n\t\t\t\t\t\t\t\t\t<ol><li>Osoby do jury konkursu powo\u0142uje Zarz\u0105d Sekcji Socjologii Niepe\u0142nosprawno\u015bci PTS na trzyletnie kadencje, spo\u015br\u00f3d cz\u0142onk\u00f3w Sekcji.<\/li><li>Kandydat\u00f3w do jury wskazuj\u0105 wszyscy cz\u0142onkowie Sekcji w przeprowadzonym w tym celu g\u0142osowaniu (mo\u017ce odbywa\u0107 si\u0119 drog\u0105 elektroniczn\u0105).<\/li><li>Jury sk\u0142ada si\u0119 z przewodnicz\u0105cego, dw\u00f3ch cz\u0142onk\u00f3w oraz dw\u00f3ch zast\u0119pc\u00f3w. Jeden z cz\u0142onk\u00f3w jury pe\u0142ni funkcj\u0119 sekretarza konkursu.<\/li><li>Cz\u0142onek jury, pod kt\u00f3rego opiek\u0105 zosta\u0142a napisana praca zg\u0142oszona do konkursu, jest wy\u0142\u0105czony z jej oceny (zamiast niego udzia\u0142 w ocenie tej pracy bierze jeden z zast\u0119pc\u00f3w).<\/li><li>Z oceny konkretnych zg\u0142osze\u0144 konkursowych s\u0105 wy\u0142\u0105czeni cz\u0142onkowie jury, powi\u0105zani z Uczestnikami poprzez powinowactwo, relacje s\u0142u\u017cbowe lub inne stosunki zale\u017cno\u015bci w strukturach akademickich i biznesowych.<\/li><li>Kryteriami oceny zg\u0142oszonych prac s\u0105: pomys\u0142owo\u015b\u0107 (oryginalno\u015b\u0107 tematu, lub nowatorskie uj\u0119cie starego tematu), teoria (zasadno\u015b\u0107 zastosowanych w pracy koncepcji), metodologia (poprawno\u015b\u0107 doboru metod i ich wykorzystania w badaniu), konceptualizacja i wnioski (samodzielno\u015b\u0107 my\u015blenia, odwaga w formu\u0142owaniu krytycznych wniosk\u00f3w), strona formalna pracy \u2013 (j\u0119zyk, strona wizualna, poprawne przypisy).<\/li><li>Obrady jury s\u0105 tajne, mog\u0105 odbywa\u0107 si\u0119 drog\u0105 elektroniczn\u0105. Od werdyktu jury nie przys\u0142uguje odwo\u0142anie.<\/li><li>Organizatorzy konkursu nie zwracaj\u0105 nades\u0142anych prac.<\/li><\/ol>\t\t\t\t\t\t\t\t<\/div>\n\t\t\t\t<\/div>\n\t\t\t\t\t<\/div>\n\t\t<\/div>\n\t\t\t\t\t<\/div>\n\t\t<\/section>\n\t\t\t\t<section class=\"elementor-section elementor-top-section elementor-element elementor-element-fc5e1d7 elementor-section-boxed elementor-section-height-default elementor-section-height-default\" data-id=\"fc5e1d7\" data-element_type=\"section\" data-e-type=\"section\">\n\t\t\t\t\t\t<div class=\"elementor-container elementor-column-gap-default\">\n\t\t\t\t\t<div class=\"elementor-column elementor-col-100 elementor-top-column elementor-element elementor-element-fadf752\" data-id=\"fadf752\" data-element_type=\"column\" data-e-type=\"column\">\n\t\t\t<div class=\"elementor-widget-wrap elementor-element-populated\">\n\t\t\t\t\t\t<div class=\"elementor-element elementor-element-b77fbef elementor-widget elementor-widget-heading\" data-id=\"b77fbef\" data-element_type=\"widget\" data-e-type=\"widget\" data-widget_type=\"heading.default\">\n\t\t\t\t<div class=\"elementor-widget-container\">\n\t\t\t\t\t<h5 class=\"elementor-heading-title elementor-size-default\">\u00a75<br>\n\nRegulamin konkursu<\/h5>\t\t\t\t<\/div>\n\t\t\t\t<\/div>\n\t\t\t\t\t<\/div>\n\t\t<\/div>\n\t\t\t\t\t<\/div>\n\t\t<\/section>\n\t\t\t\t<section class=\"elementor-section elementor-top-section elementor-element elementor-element-015ad81 elementor-section-full_width elementor-section-height-default elementor-section-height-default\" data-id=\"015ad81\" data-element_type=\"section\" data-e-type=\"section\">\n\t\t\t\t\t\t<div class=\"elementor-container elementor-column-gap-default\">\n\t\t\t\t\t<div class=\"elementor-column elementor-col-100 elementor-top-column elementor-element elementor-element-0f6dd20\" data-id=\"0f6dd20\" data-element_type=\"column\" data-e-type=\"column\">\n\t\t\t<div class=\"elementor-widget-wrap elementor-element-populated\">\n\t\t\t\t\t\t<div class=\"elementor-element elementor-element-021dc07 elementor-widget elementor-widget-text-editor\" data-id=\"021dc07\" data-element_type=\"widget\" data-e-type=\"widget\" data-widget_type=\"text-editor.default\">\n\t\t\t\t<div class=\"elementor-widget-container\">\n\t\t\t\t\t\t\t\t\t<ol><li>Interpretacja niniejszego regulaminu nale\u017cy do jury.<\/li><li>Regulamin konkursu jest wprowadzany drog\u0105 uchwa\u0142y podejmowanej przez Zarz\u0105d Sekcji Socjologii Niepe\u0142nosprawno\u015bci PTS.<\/li><li>Zmiana regulaminu odbywa si\u0119 drog\u0105 uchwa\u0142y podejmowanej przez Zarz\u0105d Sekcji Socjologii Niepe\u0142nosprawno\u015bci PTS.<\/li><\/ol>\t\t\t\t\t\t\t\t<\/div>\n\t\t\t\t<\/div>\n\t\t\t\t\t<\/div>\n\t\t<\/div>\n\t\t\t\t\t<\/div>\n\t\t<\/section>\n\t\t\t\t<\/div>\n\t\t","protected":false},"excerpt":{"rendered":"<p>Regulamin &#8222;Konkursu na Najlepsz\u0105 Prac\u0119 Licencjack\u0105 i Magistersk\u0105 z obszaru Socjologii Niepe\u0142nosprawno\u015bci&#8221; \u00a71 Konkurs Organizatorem konkursu jest Polskie Towarzystwo Socjologiczne \u2013 Sekcja Socjologii Niepe\u0142nosprawno\u015bci. Celem konkursu jest promowanie najlepszych prac dyplomowych (prac licencjackich oraz prac magisterskich) z zakresu socjologii niepe\u0142nosprawno\u015bci. \u00a72 Zg\u0142aszanie prac Konkurs organizowany jest corocznie. W ka\u017cdym roku&#8230;<\/p>\n","protected":false},"author":1,"featured_media":0,"parent":0,"menu_order":0,"comment_status":"closed","ping_status":"closed","template":"","meta":{"footnotes":""},"class_list":["post-1893","page","type-page","status-publish","hentry"],"yoast_head":"<!-- This site is optimized with the Yoast SEO plugin v19.12 - https:\/\/yoast.com\/wordpress\/plugins\/seo\/ -->\n<title>Regulamin - Sekcja PTS Socjologii Niepe\u0142nosprawno\u015bci<\/title>\n<meta name=\"robots\" content=\"index, follow, max-snippet:-1, max-image-preview:large, max-video-preview:-1\" \/>\n<link rel=\"canonical\" href=\"https:\/\/ssn-pts.pl\/?page_id=1893\" \/>\n<meta property=\"og:locale\" content=\"pl_PL\" \/>\n<meta property=\"og:type\" content=\"article\" \/>\n<meta property=\"og:title\" content=\"Regulamin - Sekcja PTS Socjologii Niepe\u0142nosprawno\u015bci\" \/>\n<meta property=\"og:description\" content=\"Regulamin &#8222;Konkursu na Najlepsz\u0105 Prac\u0119 Licencjack\u0105 i Magistersk\u0105 z obszaru Socjologii Niepe\u0142nosprawno\u015bci&#8221; \u00a71 Konkurs Organizatorem konkursu jest Polskie Towarzystwo Socjologiczne \u2013 Sekcja Socjologii Niepe\u0142nosprawno\u015bci. Celem konkursu jest promowanie najlepszych prac dyplomowych (prac licencjackich oraz prac magisterskich) z zakresu socjologii niepe\u0142nosprawno\u015bci. \u00a72 Zg\u0142aszanie prac Konkurs organizowany jest corocznie. W ka\u017cdym roku...\" \/>\n<meta property=\"og:url\" content=\"https:\/\/ssn-pts.pl\/?page_id=1893\" \/>\n<meta property=\"og:site_name\" content=\"Sekcja PTS Socjologii Niepe\u0142nosprawno\u015bci\" \/>\n<meta property=\"article:publisher\" content=\"https:\/\/www.facebook.com\/pg\/SSNPTS\" \/>\n<meta property=\"article:modified_time\" content=\"2025-12-24T11:34:58+00:00\" \/>\n<meta name=\"twitter:card\" content=\"summary_large_image\" \/>\n<meta name=\"twitter:label1\" content=\"Szacowany czas czytania\" \/>\n\t<meta name=\"twitter:data1\" content=\"4 minuty\" \/>\n<script type=\"application\/ld+json\" class=\"yoast-schema-graph\">{\"@context\":\"https:\/\/schema.org\",\"@graph\":[{\"@type\":\"WebPage\",\"@id\":\"https:\/\/ssn-pts.pl\/?page_id=1893\",\"url\":\"https:\/\/ssn-pts.pl\/?page_id=1893\",\"name\":\"Regulamin - Sekcja PTS Socjologii Niepe\u0142nosprawno\u015bci\",\"isPartOf\":{\"@id\":\"http:\/\/ssn-pts.pl\/#website\"},\"datePublished\":\"2020-11-03T13:38:46+00:00\",\"dateModified\":\"2025-12-24T11:34:58+00:00\",\"breadcrumb\":{\"@id\":\"https:\/\/ssn-pts.pl\/?page_id=1893#breadcrumb\"},\"inLanguage\":\"pl-PL\",\"potentialAction\":[{\"@type\":\"ReadAction\",\"target\":[\"https:\/\/ssn-pts.pl\/?page_id=1893\"]}]},{\"@type\":\"BreadcrumbList\",\"@id\":\"https:\/\/ssn-pts.pl\/?page_id=1893#breadcrumb\",\"itemListElement\":[{\"@type\":\"ListItem\",\"position\":1,\"name\":\"Strona g\u0142\u00f3wna\",\"item\":\"http:\/\/ssn-pts.pl\/\"},{\"@type\":\"ListItem\",\"position\":2,\"name\":\"Regulamin\"}]},{\"@type\":\"WebSite\",\"@id\":\"http:\/\/ssn-pts.pl\/#website\",\"url\":\"http:\/\/ssn-pts.pl\/\",\"name\":\"Sekcja PTS Socjologia Niepe\u0142nosprawno\u015bci\",\"description\":\"\",\"publisher\":{\"@id\":\"http:\/\/ssn-pts.pl\/#organization\"},\"potentialAction\":[{\"@type\":\"SearchAction\",\"target\":{\"@type\":\"EntryPoint\",\"urlTemplate\":\"http:\/\/ssn-pts.pl\/?s={search_term_string}\"},\"query-input\":\"required name=search_term_string\"}],\"inLanguage\":\"pl-PL\"},{\"@type\":\"Organization\",\"@id\":\"http:\/\/ssn-pts.pl\/#organization\",\"name\":\"Sekcja PTS Socjologia Niepe\u0142nosprawno\u015bci\",\"url\":\"http:\/\/ssn-pts.pl\/\",\"logo\":{\"@type\":\"ImageObject\",\"inLanguage\":\"pl-PL\",\"@id\":\"http:\/\/ssn-pts.pl\/#\/schema\/logo\/image\/\",\"url\":\"http:\/\/socjologianiepelnosprawnosci.pl\/wp-content\/uploads\/2019\/07\/logo.png\",\"contentUrl\":\"http:\/\/socjologianiepelnosprawnosci.pl\/wp-content\/uploads\/2019\/07\/logo.png\",\"width\":872,\"height\":604,\"caption\":\"Sekcja PTS Socjologia Niepe\u0142nosprawno\u015bci\"},\"image\":{\"@id\":\"http:\/\/ssn-pts.pl\/#\/schema\/logo\/image\/\"},\"sameAs\":[\"https:\/\/www.facebook.com\/pg\/SSNPTS\"]}]}<\/script>\n<!-- \/ Yoast SEO plugin. -->","yoast_head_json":{"title":"Regulamin - Sekcja PTS Socjologii Niepe\u0142nosprawno\u015bci","robots":{"index":"index","follow":"follow","max-snippet":"max-snippet:-1","max-image-preview":"max-image-preview:large","max-video-preview":"max-video-preview:-1"},"canonical":"https:\/\/ssn-pts.pl\/?page_id=1893","og_locale":"pl_PL","og_type":"article","og_title":"Regulamin - Sekcja PTS Socjologii Niepe\u0142nosprawno\u015bci","og_description":"Regulamin &#8222;Konkursu na Najlepsz\u0105 Prac\u0119 Licencjack\u0105 i Magistersk\u0105 z obszaru Socjologii Niepe\u0142nosprawno\u015bci&#8221; \u00a71 Konkurs Organizatorem konkursu jest Polskie Towarzystwo Socjologiczne \u2013 Sekcja Socjologii Niepe\u0142nosprawno\u015bci. Celem konkursu jest promowanie najlepszych prac dyplomowych (prac licencjackich oraz prac magisterskich) z zakresu socjologii niepe\u0142nosprawno\u015bci. \u00a72 Zg\u0142aszanie prac Konkurs organizowany jest corocznie. W ka\u017cdym roku...","og_url":"https:\/\/ssn-pts.pl\/?page_id=1893","og_site_name":"Sekcja PTS Socjologii Niepe\u0142nosprawno\u015bci","article_publisher":"https:\/\/www.facebook.com\/pg\/SSNPTS","article_modified_time":"2025-12-24T11:34:58+00:00","twitter_card":"summary_large_image","twitter_misc":{"Szacowany czas czytania":"4 minuty"},"schema":{"@context":"https:\/\/schema.org","@graph":[{"@type":"WebPage","@id":"https:\/\/ssn-pts.pl\/?page_id=1893","url":"https:\/\/ssn-pts.pl\/?page_id=1893","name":"Regulamin - Sekcja PTS Socjologii Niepe\u0142nosprawno\u015bci","isPartOf":{"@id":"http:\/\/ssn-pts.pl\/#website"},"datePublished":"2020-11-03T13:38:46+00:00","dateModified":"2025-12-24T11:34:58+00:00","breadcrumb":{"@id":"https:\/\/ssn-pts.pl\/?page_id=1893#breadcrumb"},"inLanguage":"pl-PL","potentialAction":[{"@type":"ReadAction","target":["https:\/\/ssn-pts.pl\/?page_id=1893"]}]},{"@type":"BreadcrumbList","@id":"https:\/\/ssn-pts.pl\/?page_id=1893#breadcrumb","itemListElement":[{"@type":"ListItem","position":1,"name":"Strona g\u0142\u00f3wna","item":"http:\/\/ssn-pts.pl\/"},{"@type":"ListItem","position":2,"name":"Regulamin"}]},{"@type":"WebSite","@id":"http:\/\/ssn-pts.pl\/#website","url":"http:\/\/ssn-pts.pl\/","name":"Sekcja PTS Socjologia Niepe\u0142nosprawno\u015bci","description":"","publisher":{"@id":"http:\/\/ssn-pts.pl\/#organization"},"potentialAction":[{"@type":"SearchAction","target":{"@type":"EntryPoint","urlTemplate":"http:\/\/ssn-pts.pl\/?s={search_term_string}"},"query-input":"required name=search_term_string"}],"inLanguage":"pl-PL"},{"@type":"Organization","@id":"http:\/\/ssn-pts.pl\/#organization","name":"Sekcja PTS Socjologia Niepe\u0142nosprawno\u015bci","url":"http:\/\/ssn-pts.pl\/","logo":{"@type":"ImageObject","inLanguage":"pl-PL","@id":"http:\/\/ssn-pts.pl\/#\/schema\/logo\/image\/","url":"http:\/\/socjologianiepelnosprawnosci.pl\/wp-content\/uploads\/2019\/07\/logo.png","contentUrl":"http:\/\/socjologianiepelnosprawnosci.pl\/wp-content\/uploads\/2019\/07\/logo.png","width":872,"height":604,"caption":"Sekcja PTS Socjologia Niepe\u0142nosprawno\u015bci"},"image":{"@id":"http:\/\/ssn-pts.pl\/#\/schema\/logo\/image\/"},"sameAs":["https:\/\/www.facebook.com\/pg\/SSNPTS"]}]}},"_links":{"self":[{"href":"https:\/\/ssn-pts.pl\/index.php?rest_route=\/wp\/v2\/pages\/1893"}],"collection":[{"href":"https:\/\/ssn-pts.pl\/index.php?rest_route=\/wp\/v2\/pages"}],"about":[{"href":"https:\/\/ssn-pts.pl\/index.php?rest_route=\/wp\/v2\/types\/page"}],"author":[{"embeddable":true,"href":"https:\/\/ssn-pts.pl\/index.php?rest_route=\/wp\/v2\/users\/1"}],"replies":[{"embeddable":true,"href":"https:\/\/ssn-pts.pl\/index.php?rest_route=%2Fwp%2Fv2%2Fcomments&post=1893"}],"version-history":[{"count":23,"href":"https:\/\/ssn-pts.pl\/index.php?rest_route=\/wp\/v2\/pages\/1893\/revisions"}],"predecessor-version":[{"id":26540,"href":"https:\/\/ssn-pts.pl\/index.php?rest_route=\/wp\/v2\/pages\/1893\/revisions\/26540"}],"wp:attachment":[{"href":"https:\/\/ssn-pts.pl\/index.php?rest_route=%2Fwp%2Fv2%2Fmedia&parent=1893"}],"curies":[{"name":"wp","href":"https:\/\/api.w.org\/{rel}","templated":true}]}}