{"id":1918,"date":"2020-11-03T15:43:57","date_gmt":"2020-11-03T14:43:57","guid":{"rendered":"http:\/\/socjologianiepelnosprawnosci.pl\/?page_id=1918"},"modified":"2020-12-10T20:05:54","modified_gmt":"2020-12-10T19:05:54","slug":"jury-2020-2023","status":"publish","type":"page","link":"https:\/\/ssn-pts.pl\/?page_id=1918","title":{"rendered":"Jury"},"content":{"rendered":"\t\t<div data-elementor-type=\"wp-page\" data-elementor-id=\"1918\" class=\"elementor elementor-1918\">\n\t\t\t\t\t\t<section class=\"elementor-section elementor-top-section elementor-element elementor-element-d476a21 elementor-section-full_width elementor-section-height-default elementor-section-height-default\" data-id=\"d476a21\" data-element_type=\"section\" data-e-type=\"section\">\n\t\t\t\t\t\t<div class=\"elementor-container elementor-column-gap-default\">\n\t\t\t\t\t<div class=\"elementor-column elementor-col-100 elementor-top-column elementor-element elementor-element-4b0df13\" data-id=\"4b0df13\" data-element_type=\"column\" data-e-type=\"column\" data-settings=\"{&quot;background_background&quot;:&quot;classic&quot;}\">\n\t\t\t<div class=\"elementor-widget-wrap elementor-element-populated\">\n\t\t\t\t\t\t<div class=\"elementor-element elementor-element-f81ab4a elementor-widget elementor-widget-text-editor\" data-id=\"f81ab4a\" data-element_type=\"widget\" data-e-type=\"widget\" data-widget_type=\"text-editor.default\">\n\t\t\t\t<div class=\"elementor-widget-container\">\n\t\t\t\t\t\t\t\t\t<h2>Jury 2020-2023<\/h2>\t\t\t\t\t\t\t\t<\/div>\n\t\t\t\t<\/div>\n\t\t\t\t\t<\/div>\n\t\t<\/div>\n\t\t\t\t\t<\/div>\n\t\t<\/section>\n\t\t\t\t<section class=\"elementor-section elementor-top-section elementor-element elementor-element-c9d0da0 elementor-section-full_width elementor-section-height-default elementor-section-height-default\" data-id=\"c9d0da0\" data-element_type=\"section\" data-e-type=\"section\">\n\t\t\t\t\t\t<div class=\"elementor-container elementor-column-gap-default\">\n\t\t\t\t\t<div class=\"elementor-column elementor-col-100 elementor-top-column elementor-element elementor-element-ae5fec3\" data-id=\"ae5fec3\" data-element_type=\"column\" data-e-type=\"column\" data-settings=\"{&quot;background_background&quot;:&quot;classic&quot;}\">\n\t\t\t<div class=\"elementor-widget-wrap elementor-element-populated\">\n\t\t\t\t\t\t<section class=\"elementor-section elementor-inner-section elementor-element elementor-element-06dff37 elementor-section-full_width elementor-section-height-default elementor-section-height-default\" data-id=\"06dff37\" data-element_type=\"section\" data-e-type=\"section\">\n\t\t\t\t\t\t<div class=\"elementor-container elementor-column-gap-default\">\n\t\t\t\t\t<div class=\"elementor-column elementor-col-50 elementor-inner-column elementor-element elementor-element-5661b97\" data-id=\"5661b97\" data-element_type=\"column\" data-e-type=\"column\">\n\t\t\t<div class=\"elementor-widget-wrap elementor-element-populated\">\n\t\t\t\t\t\t<div class=\"elementor-element elementor-element-f891816 elementor-widget elementor-widget-text-editor\" data-id=\"f891816\" data-element_type=\"widget\" data-e-type=\"widget\" data-widget_type=\"text-editor.default\">\n\t\t\t\t<div class=\"elementor-widget-container\">\n\t\t\t\t\t\t\t\t\t<h6>dr Ewa Migaczewska, prof\u00a0 AGH, Akademia G\u00f3rniczo-Hutnicza w Krakowie &#8211; przewodnicz\u0105ca<\/h6><h6>dr Zbigniew G\u0142\u0105b, Uniwersytet \u0141\u00f3dzki\u00a0 &#8211; zast\u0119pca<\/h6><h6>dr Maria Stojkow,\u00a0 Akademia G\u00f3rniczo-Hutnicza w Krakowie &#8211; zast\u0119pca\u00a0<\/h6><h6>dr Marta Sa\u0142kowska, Collegium Civitas w Warszawie &#8211; sekretarz<\/h6><h6>dr Katarzyna Pi\u0105tek, Akademia Techniczno-Humanistyczna w Bielsku -Bia\u0142ej\u00a0 &#8211; cz\u0142onek jury<\/h6>\t\t\t\t\t\t\t\t<\/div>\n\t\t\t\t<\/div>\n\t\t\t\t\t<\/div>\n\t\t<\/div>\n\t\t\t\t<div class=\"elementor-column elementor-col-50 elementor-inner-column elementor-element elementor-element-1f16949\" data-id=\"1f16949\" data-element_type=\"column\" data-e-type=\"column\">\n\t\t\t<div class=\"elementor-widget-wrap\">\n\t\t\t\t\t\t\t<\/div>\n\t\t<\/div>\n\t\t\t\t\t<\/div>\n\t\t<\/section>\n\t\t\t\t\t<\/div>\n\t\t<\/div>\n\t\t\t\t\t<\/div>\n\t\t<\/section>\n\t\t\t\t<\/div>\n\t\t","protected":false},"excerpt":{"rendered":"<p>Jury 2020-2023 dr Ewa Migaczewska, prof\u00a0 AGH, Akademia G\u00f3rniczo-Hutnicza w Krakowie &#8211; przewodnicz\u0105ca dr Zbigniew G\u0142\u0105b, Uniwersytet \u0141\u00f3dzki\u00a0 &#8211; zast\u0119pca dr Maria Stojkow,\u00a0 Akademia G\u00f3rniczo-Hutnicza w Krakowie &#8211; zast\u0119pca\u00a0 dr Marta Sa\u0142kowska, Collegium Civitas w Warszawie &#8211; sekretarz dr Katarzyna Pi\u0105tek, Akademia Techniczno-Humanistyczna w Bielsku -Bia\u0142ej\u00a0 &#8211; cz\u0142onek jury<\/p>\n","protected":false},"author":1,"featured_media":0,"parent":0,"menu_order":0,"comment_status":"closed","ping_status":"closed","template":"","meta":{"footnotes":""},"class_list":["post-1918","page","type-page","status-publish","hentry"],"yoast_head":"<!-- This site is optimized with the Yoast SEO plugin v19.12 - https:\/\/yoast.com\/wordpress\/plugins\/seo\/ -->\n<title>Jury - Sekcja PTS Socjologii Niepe\u0142nosprawno\u015bci<\/title>\n<meta name=\"robots\" content=\"index, follow, max-snippet:-1, max-image-preview:large, max-video-preview:-1\" \/>\n<link rel=\"canonical\" href=\"http:\/\/ssn-pts.pl\/?page_id=1918\" \/>\n<meta property=\"og:locale\" content=\"pl_PL\" \/>\n<meta property=\"og:type\" content=\"article\" \/>\n<meta property=\"og:title\" content=\"Jury - Sekcja PTS Socjologii Niepe\u0142nosprawno\u015bci\" \/>\n<meta property=\"og:description\" content=\"Jury 2020-2023 dr Ewa Migaczewska, prof\u00a0 AGH, Akademia G\u00f3rniczo-Hutnicza w Krakowie &#8211; przewodnicz\u0105ca dr Zbigniew G\u0142\u0105b, Uniwersytet \u0141\u00f3dzki\u00a0 &#8211; zast\u0119pca dr Maria Stojkow,\u00a0 Akademia G\u00f3rniczo-Hutnicza w Krakowie &#8211; zast\u0119pca\u00a0 dr Marta Sa\u0142kowska, Collegium Civitas w Warszawie &#8211; sekretarz dr Katarzyna Pi\u0105tek, Akademia Techniczno-Humanistyczna w Bielsku -Bia\u0142ej\u00a0 &#8211; cz\u0142onek jury\" \/>\n<meta property=\"og:url\" content=\"http:\/\/ssn-pts.pl\/?page_id=1918\" \/>\n<meta property=\"og:site_name\" content=\"Sekcja PTS Socjologii Niepe\u0142nosprawno\u015bci\" \/>\n<meta property=\"article:publisher\" content=\"https:\/\/www.facebook.com\/pg\/SSNPTS\" \/>\n<meta property=\"article:modified_time\" content=\"2020-12-10T19:05:54+00:00\" \/>\n<meta name=\"twitter:card\" content=\"summary_large_image\" \/>\n<script type=\"application\/ld+json\" class=\"yoast-schema-graph\">{\"@context\":\"https:\/\/schema.org\",\"@graph\":[{\"@type\":\"WebPage\",\"@id\":\"http:\/\/ssn-pts.pl\/?page_id=1918\",\"url\":\"http:\/\/ssn-pts.pl\/?page_id=1918\",\"name\":\"Jury - Sekcja PTS Socjologii Niepe\u0142nosprawno\u015bci\",\"isPartOf\":{\"@id\":\"http:\/\/ssn-pts.pl\/#website\"},\"datePublished\":\"2020-11-03T14:43:57+00:00\",\"dateModified\":\"2020-12-10T19:05:54+00:00\",\"breadcrumb\":{\"@id\":\"http:\/\/ssn-pts.pl\/?page_id=1918#breadcrumb\"},\"inLanguage\":\"pl-PL\",\"potentialAction\":[{\"@type\":\"ReadAction\",\"target\":[\"http:\/\/ssn-pts.pl\/?page_id=1918\"]}]},{\"@type\":\"BreadcrumbList\",\"@id\":\"http:\/\/ssn-pts.pl\/?page_id=1918#breadcrumb\",\"itemListElement\":[{\"@type\":\"ListItem\",\"position\":1,\"name\":\"Strona g\u0142\u00f3wna\",\"item\":\"http:\/\/ssn-pts.pl\/\"},{\"@type\":\"ListItem\",\"position\":2,\"name\":\"Jury\"}]},{\"@type\":\"WebSite\",\"@id\":\"http:\/\/ssn-pts.pl\/#website\",\"url\":\"http:\/\/ssn-pts.pl\/\",\"name\":\"Sekcja PTS Socjologia Niepe\u0142nosprawno\u015bci\",\"description\":\"\",\"publisher\":{\"@id\":\"http:\/\/ssn-pts.pl\/#organization\"},\"potentialAction\":[{\"@type\":\"SearchAction\",\"target\":{\"@type\":\"EntryPoint\",\"urlTemplate\":\"http:\/\/ssn-pts.pl\/?s={search_term_string}\"},\"query-input\":\"required name=search_term_string\"}],\"inLanguage\":\"pl-PL\"},{\"@type\":\"Organization\",\"@id\":\"http:\/\/ssn-pts.pl\/#organization\",\"name\":\"Sekcja PTS Socjologia Niepe\u0142nosprawno\u015bci\",\"url\":\"http:\/\/ssn-pts.pl\/\",\"logo\":{\"@type\":\"ImageObject\",\"inLanguage\":\"pl-PL\",\"@id\":\"http:\/\/ssn-pts.pl\/#\/schema\/logo\/image\/\",\"url\":\"http:\/\/socjologianiepelnosprawnosci.pl\/wp-content\/uploads\/2019\/07\/logo.png\",\"contentUrl\":\"http:\/\/socjologianiepelnosprawnosci.pl\/wp-content\/uploads\/2019\/07\/logo.png\",\"width\":872,\"height\":604,\"caption\":\"Sekcja PTS Socjologia Niepe\u0142nosprawno\u015bci\"},\"image\":{\"@id\":\"http:\/\/ssn-pts.pl\/#\/schema\/logo\/image\/\"},\"sameAs\":[\"https:\/\/www.facebook.com\/pg\/SSNPTS\"]}]}<\/script>\n<!-- \/ Yoast SEO plugin. -->","yoast_head_json":{"title":"Jury - Sekcja PTS Socjologii Niepe\u0142nosprawno\u015bci","robots":{"index":"index","follow":"follow","max-snippet":"max-snippet:-1","max-image-preview":"max-image-preview:large","max-video-preview":"max-video-preview:-1"},"canonical":"http:\/\/ssn-pts.pl\/?page_id=1918","og_locale":"pl_PL","og_type":"article","og_title":"Jury - Sekcja PTS Socjologii Niepe\u0142nosprawno\u015bci","og_description":"Jury 2020-2023 dr Ewa Migaczewska, prof\u00a0 AGH, Akademia G\u00f3rniczo-Hutnicza w Krakowie &#8211; przewodnicz\u0105ca dr Zbigniew G\u0142\u0105b, Uniwersytet \u0141\u00f3dzki\u00a0 &#8211; zast\u0119pca dr Maria Stojkow,\u00a0 Akademia G\u00f3rniczo-Hutnicza w Krakowie &#8211; zast\u0119pca\u00a0 dr Marta Sa\u0142kowska, Collegium Civitas w Warszawie &#8211; sekretarz dr Katarzyna Pi\u0105tek, Akademia Techniczno-Humanistyczna w Bielsku -Bia\u0142ej\u00a0 &#8211; cz\u0142onek jury","og_url":"http:\/\/ssn-pts.pl\/?page_id=1918","og_site_name":"Sekcja PTS Socjologii Niepe\u0142nosprawno\u015bci","article_publisher":"https:\/\/www.facebook.com\/pg\/SSNPTS","article_modified_time":"2020-12-10T19:05:54+00:00","twitter_card":"summary_large_image","schema":{"@context":"https:\/\/schema.org","@graph":[{"@type":"WebPage","@id":"http:\/\/ssn-pts.pl\/?page_id=1918","url":"http:\/\/ssn-pts.pl\/?page_id=1918","name":"Jury - Sekcja PTS Socjologii Niepe\u0142nosprawno\u015bci","isPartOf":{"@id":"http:\/\/ssn-pts.pl\/#website"},"datePublished":"2020-11-03T14:43:57+00:00","dateModified":"2020-12-10T19:05:54+00:00","breadcrumb":{"@id":"http:\/\/ssn-pts.pl\/?page_id=1918#breadcrumb"},"inLanguage":"pl-PL","potentialAction":[{"@type":"ReadAction","target":["http:\/\/ssn-pts.pl\/?page_id=1918"]}]},{"@type":"BreadcrumbList","@id":"http:\/\/ssn-pts.pl\/?page_id=1918#breadcrumb","itemListElement":[{"@type":"ListItem","position":1,"name":"Strona g\u0142\u00f3wna","item":"http:\/\/ssn-pts.pl\/"},{"@type":"ListItem","position":2,"name":"Jury"}]},{"@type":"WebSite","@id":"http:\/\/ssn-pts.pl\/#website","url":"http:\/\/ssn-pts.pl\/","name":"Sekcja PTS Socjologia Niepe\u0142nosprawno\u015bci","description":"","publisher":{"@id":"http:\/\/ssn-pts.pl\/#organization"},"potentialAction":[{"@type":"SearchAction","target":{"@type":"EntryPoint","urlTemplate":"http:\/\/ssn-pts.pl\/?s={search_term_string}"},"query-input":"required name=search_term_string"}],"inLanguage":"pl-PL"},{"@type":"Organization","@id":"http:\/\/ssn-pts.pl\/#organization","name":"Sekcja PTS Socjologia Niepe\u0142nosprawno\u015bci","url":"http:\/\/ssn-pts.pl\/","logo":{"@type":"ImageObject","inLanguage":"pl-PL","@id":"http:\/\/ssn-pts.pl\/#\/schema\/logo\/image\/","url":"http:\/\/socjologianiepelnosprawnosci.pl\/wp-content\/uploads\/2019\/07\/logo.png","contentUrl":"http:\/\/socjologianiepelnosprawnosci.pl\/wp-content\/uploads\/2019\/07\/logo.png","width":872,"height":604,"caption":"Sekcja PTS Socjologia Niepe\u0142nosprawno\u015bci"},"image":{"@id":"http:\/\/ssn-pts.pl\/#\/schema\/logo\/image\/"},"sameAs":["https:\/\/www.facebook.com\/pg\/SSNPTS"]}]}},"_links":{"self":[{"href":"https:\/\/ssn-pts.pl\/index.php?rest_route=\/wp\/v2\/pages\/1918"}],"collection":[{"href":"https:\/\/ssn-pts.pl\/index.php?rest_route=\/wp\/v2\/pages"}],"about":[{"href":"https:\/\/ssn-pts.pl\/index.php?rest_route=\/wp\/v2\/types\/page"}],"author":[{"embeddable":true,"href":"https:\/\/ssn-pts.pl\/index.php?rest_route=\/wp\/v2\/users\/1"}],"replies":[{"embeddable":true,"href":"https:\/\/ssn-pts.pl\/index.php?rest_route=%2Fwp%2Fv2%2Fcomments&post=1918"}],"version-history":[{"count":13,"href":"https:\/\/ssn-pts.pl\/index.php?rest_route=\/wp\/v2\/pages\/1918\/revisions"}],"predecessor-version":[{"id":26282,"href":"https:\/\/ssn-pts.pl\/index.php?rest_route=\/wp\/v2\/pages\/1918\/revisions\/26282"}],"wp:attachment":[{"href":"https:\/\/ssn-pts.pl\/index.php?rest_route=%2Fwp%2Fv2%2Fmedia&parent=1918"}],"curies":[{"name":"wp","href":"https:\/\/api.w.org\/{rel}","templated":true}]}}