{"id":25806,"date":"2023-02-23T16:39:27","date_gmt":"2023-02-23T15:39:27","guid":{"rendered":"https:\/\/ssn-pts.pl\/?page_id=25806"},"modified":"2024-01-29T12:51:37","modified_gmt":"2024-01-29T11:51:37","slug":"konferencje-2","status":"publish","type":"page","link":"https:\/\/ssn-pts.pl\/?page_id=25806","title":{"rendered":"Konferencje"},"content":{"rendered":"\t\t<div data-elementor-type=\"wp-page\" data-elementor-id=\"25806\" class=\"elementor elementor-25806\">\n\t\t\t\t\t\t<section class=\"elementor-section elementor-top-section elementor-element elementor-element-df40118 elementor-section-boxed elementor-section-height-default elementor-section-height-default\" data-id=\"df40118\" data-element_type=\"section\" data-e-type=\"section\">\n\t\t\t\t\t\t<div class=\"elementor-container elementor-column-gap-default\">\n\t\t\t\t\t<div class=\"elementor-column elementor-col-100 elementor-top-column elementor-element elementor-element-ce9a475\" data-id=\"ce9a475\" data-element_type=\"column\" data-e-type=\"column\">\n\t\t\t<div class=\"elementor-widget-wrap elementor-element-populated\">\n\t\t\t\t\t\t<div class=\"elementor-element elementor-element-4029afe elementor-widget elementor-widget-image\" data-id=\"4029afe\" data-element_type=\"widget\" data-e-type=\"widget\" data-widget_type=\"image.default\">\n\t\t\t\t<div class=\"elementor-widget-container\">\n\t\t\t\t\t\t\t\t\t\t\t\t\t\t\t\t<a href=\"https:\/\/ssn-praca.agh.edu.pl\/\" target=\"_blank\">\n\t\t\t\t\t\t\t<img fetchpriority=\"high\" decoding=\"async\" width=\"768\" height=\"768\" src=\"https:\/\/ssn-pts.pl\/wp-content\/uploads\/2023\/02\/2023-05-10-OKN-grafika-2-kwadrat-srednia-768x768.png\" class=\"attachment-medium_large size-medium_large wp-image-25822\" alt=\"Plakat V og\u00f3lopolskiej konferencji naukowej Niepe\u0142nosprawno\u015b\u0107 i praca\" srcset=\"https:\/\/ssn-pts.pl\/wp-content\/uploads\/2023\/02\/2023-05-10-OKN-grafika-2-kwadrat-srednia-768x768.png 768w, https:\/\/ssn-pts.pl\/wp-content\/uploads\/2023\/02\/2023-05-10-OKN-grafika-2-kwadrat-srednia-300x300.png 300w, https:\/\/ssn-pts.pl\/wp-content\/uploads\/2023\/02\/2023-05-10-OKN-grafika-2-kwadrat-srednia-1024x1024.png 1024w, https:\/\/ssn-pts.pl\/wp-content\/uploads\/2023\/02\/2023-05-10-OKN-grafika-2-kwadrat-srednia-150x150.png 150w, https:\/\/ssn-pts.pl\/wp-content\/uploads\/2023\/02\/2023-05-10-OKN-grafika-2-kwadrat-srednia.png 1200w\" sizes=\"(max-width: 768px) 100vw, 768px\" \/>\t\t\t\t\t\t\t\t<\/a>\n\t\t\t\t\t\t\t\t\t\t\t\t\t\t\t<\/div>\n\t\t\t\t<\/div>\n\t\t\t\t\t<\/div>\n\t\t<\/div>\n\t\t\t\t\t<\/div>\n\t\t<\/section>\n\t\t\t\t<section class=\"elementor-section elementor-top-section elementor-element elementor-element-acbad2a elementor-section-boxed elementor-section-height-default elementor-section-height-default\" data-id=\"acbad2a\" data-element_type=\"section\" data-e-type=\"section\">\n\t\t\t\t\t\t<div class=\"elementor-container elementor-column-gap-default\">\n\t\t\t\t\t<div class=\"elementor-column elementor-col-100 elementor-top-column elementor-element elementor-element-9fac117\" data-id=\"9fac117\" data-element_type=\"column\" data-e-type=\"column\">\n\t\t\t<div class=\"elementor-widget-wrap elementor-element-populated\">\n\t\t\t\t\t\t<div class=\"elementor-element elementor-element-d03679c elementor-widget elementor-widget-heading\" data-id=\"d03679c\" data-element_type=\"widget\" data-e-type=\"widget\" data-widget_type=\"heading.default\">\n\t\t\t\t<div class=\"elementor-widget-container\">\n\t\t\t\t\t<h2 class=\"elementor-heading-title elementor-size-default\">Cel konferencji<\/h2>\t\t\t\t<\/div>\n\t\t\t\t<\/div>\n\t\t\t\t\t<\/div>\n\t\t<\/div>\n\t\t\t\t\t<\/div>\n\t\t<\/section>\n\t\t\t\t<section class=\"elementor-section elementor-top-section elementor-element elementor-element-aa29cc9 elementor-section-boxed elementor-section-height-default elementor-section-height-default\" data-id=\"aa29cc9\" data-element_type=\"section\" data-e-type=\"section\">\n\t\t\t\t\t\t<div class=\"elementor-container elementor-column-gap-default\">\n\t\t\t\t\t<div class=\"elementor-column elementor-col-100 elementor-top-column elementor-element elementor-element-5378445\" data-id=\"5378445\" data-element_type=\"column\" data-e-type=\"column\">\n\t\t\t<div class=\"elementor-widget-wrap elementor-element-populated\">\n\t\t\t\t\t\t<div class=\"elementor-element elementor-element-dd50d73 elementor-widget elementor-widget-text-editor\" data-id=\"dd50d73\" data-element_type=\"widget\" data-e-type=\"widget\" data-widget_type=\"text-editor.default\">\n\t\t\t\t<div class=\"elementor-widget-container\">\n\t\t\t\t\t\t\t\t\t<p>Zainicjowanie i stworzenie debaty na temat aktywno\u015bci zawodowej oraz pracy os\u00f3b z niepe\u0142nosprawno\u015bciami ma dzi\u015b istotne znaczenie. Stanowi\u0105 one bowiem w \u017cyciu osoby z niepe\u0142nosprawno\u015bci\u0105 bardzo wa\u017cny element kszta\u0142tuj\u0105cy jej podmiotowo\u015b\u0107 ekonomiczn\u0105 oraz poczucie niezale\u017cno\u015bci i samostanowienia. Wp\u0142ywaj\u0105 te\u017c w istotny spos\u00f3b na to\u017csamo\u015bci budowane przez osoby z niepe\u0142nosprawno\u015bciami. Pozwalaj\u0105c na zbudowanie pozywanego obrazu samych siebie oraz tworz\u0105c przestrze\u0144 dla zmiany stereotypowego wyobra\u017cenia o osobach z niepe\u0142nosprawno\u015bciami w spo\u0142ecze\u0144stwie.<\/p><p>Dzi\u015b, kiedy wracamy do normalno\u015bci po okresie epidemii wywo\u0142anej wirusem COVID-19 podj\u0119cie zagadnienia pracy os\u00f3b z niepe\u0142nosprawno\u015bciami jest szczeg\u00f3lnie istotne. Z jednej strony ten czas spowodowa\u0142 przyspieszenie szeregu zmian na rynku pracy, a jednocze\u015bnie zdynamizowa\u0142 procesy zachodz\u0105ce pod wp\u0142ywem coraz wi\u0119kszego znaczenia nowoczesnych rozwi\u0105za\u0144 technologicznych we wsp\u00f3\u0142czesnej gospodarce. W XXI wieku w rozwini\u0119tych spo\u0142ecze\u0144stwach \u017ar\u00f3d\u0142em wzrostu gospodarczego i generowania zysku sta\u0142a si\u0119 wiedza i umiej\u0119tno\u015bci z zakresu projektowania system\u00f3w informatycznych, przetwarzania informacji oraz budowania przestrzeni do komunikacji i aktywno\u015bci konsumpcyjnych online we wszystkich sektorach i bara\u017cach gospodarki. Rozwijaj\u0105cy si\u0119 segment rynku IT, e-commerce oraz us\u0142ug online sprzyjaj\u0105 wprowadzaniu elastycznych form pracy oraz telepracy. Zmiany te jednocze\u015bnie otworzy\u0142y dla os\u00f3b z niepe\u0142nosprawno\u015bciami rynek pracy, ale sta\u0142y si\u0119 r\u00f3wnie\u017c przyczyn\u0105 wykluczenia dla os\u00f3b nie maj\u0105cych odpowiednio rozwini\u0119tych umiej\u0119tno\u015bci i kompetencji cyfrowych.<\/p><p>Z drugiej strony mo\u017cna dostrzec dzi\u015b zwrot w kierunku spo\u0142ecznej odpowiedzialno\u015bci biznesu oraz docenianiu r\u00f3\u017cnorodno\u015bci w procesach projektowania i wdra\u017cania rozwi\u0105za\u0144 komercyjnych w szeregu bran\u017c. W wielu podmiotach gospodarczych i firmach wprowadzane s\u0105 wytyczne wpisuj\u0105ce si\u0119 w realizacj\u0119 w praktyce polityki r\u00f3\u017cnorodno\u015bci. Wszystko to sprawia, \u017ce osoby z niepe\u0142nosprawno\u015bciami s\u0105 coraz cz\u0119\u015bciej nie tylko obecne na otwartym rynku pracy, np. w bran\u017cy IT. Jednocze\u015bnie jednak nale\u017cy zauwa\u017cy\u0107 opieraj\u0105c si\u0119 na danych GUS, \u017ce wska\u017aniki zatrudnienia os\u00f3b z niepe\u0142nosprawno\u015bciami wci\u0105\u017c s\u0105 stosunkowo niskie i wiele os\u00f3b w wieku produkcyjnym nadal pozostaje poza rynkiem pracy. W ten trend wpisuje si\u0119 te\u017c rozw\u00f3j inicjatyw z zakresu przedsi\u0119biorczo\u015bci spo\u0142ecznej, kt\u00f3re nastawione s\u0105 na promocj\u0119 zatrudnienia przez osoby z niepe\u0142nosprawno\u015bciami. Prowadzone przez przedsi\u0119biorstwa spo\u0142eczne kawiarnie, restauracje czy agencje marketingowe z powodzeniem wpisuj\u0105 si\u0119 w krajobraz miast oraz rynek pracy i przyci\u0105gaj\u0105 klient\u00f3w.<\/p><p>Szereg nowych fenomen\u00f3w, kt\u00f3re mo\u017cna obserwowa\u0107 wsp\u00f3\u0142cze\u015bnie w tematyce pracy os\u00f3b z niepe\u0142nosprawno\u015bciami powoduje potrzeb\u0119 podj\u0119cia interdyscyplinarnej debaty na temat zatrudnienia, rynku pracy, nowych zawod\u00f3w oraz aktywizacji zawodowej os\u00f3b z niepe\u0142nosprawno\u015bciami w kontek\u015bcie istniej\u0105cych rozwi\u0105za\u0144 systemowych i prawnych wspieraj\u0105cych zatrudnianie tej kategorii spo\u0142ecznej.<\/p>\t\t\t\t\t\t\t\t<\/div>\n\t\t\t\t<\/div>\n\t\t\t\t\t<\/div>\n\t\t<\/div>\n\t\t\t\t\t<\/div>\n\t\t<\/section>\n\t\t\t\t<section class=\"elementor-section elementor-top-section elementor-element elementor-element-0bb83ed elementor-section-boxed elementor-section-height-default elementor-section-height-default\" data-id=\"0bb83ed\" data-element_type=\"section\" data-e-type=\"section\">\n\t\t\t\t\t\t<div class=\"elementor-container elementor-column-gap-default\">\n\t\t\t\t\t<div class=\"elementor-column elementor-col-100 elementor-top-column elementor-element elementor-element-90b7111\" data-id=\"90b7111\" data-element_type=\"column\" data-e-type=\"column\">\n\t\t\t<div class=\"elementor-widget-wrap elementor-element-populated\">\n\t\t\t\t\t\t<div class=\"elementor-element elementor-element-67d44e3 elementor-widget elementor-widget-heading\" data-id=\"67d44e3\" data-element_type=\"widget\" data-e-type=\"widget\" data-widget_type=\"heading.default\">\n\t\t\t\t<div class=\"elementor-widget-container\">\n\t\t\t\t\t<h2 class=\"elementor-heading-title elementor-size-default\">Problematyka konferencji<\/h2>\t\t\t\t<\/div>\n\t\t\t\t<\/div>\n\t\t\t\t\t<\/div>\n\t\t<\/div>\n\t\t\t\t\t<\/div>\n\t\t<\/section>\n\t\t\t\t<section class=\"elementor-section elementor-top-section elementor-element elementor-element-edb14a4 elementor-section-boxed elementor-section-height-default elementor-section-height-default\" data-id=\"edb14a4\" data-element_type=\"section\" data-e-type=\"section\">\n\t\t\t\t\t\t<div class=\"elementor-container elementor-column-gap-default\">\n\t\t\t\t\t<div class=\"elementor-column elementor-col-100 elementor-top-column elementor-element elementor-element-18f22d4\" data-id=\"18f22d4\" data-element_type=\"column\" data-e-type=\"column\">\n\t\t\t<div class=\"elementor-widget-wrap elementor-element-populated\">\n\t\t\t\t\t\t<div class=\"elementor-element elementor-element-20356a4 elementor-widget elementor-widget-text-editor\" data-id=\"20356a4\" data-element_type=\"widget\" data-e-type=\"widget\" data-widget_type=\"text-editor.default\">\n\t\t\t\t<div class=\"elementor-widget-container\">\n\t\t\t\t\t\t\t\t\t<ul><li><span class=\"elementor-icon-list-text\">Osoby z niepe\u0142nosprawno\u015bciami na rynku pracy<\/span><\/li><li><span class=\"elementor-icon-list-text\">\u00a0Aktywizacja zawodowa<\/span><\/li><li><span class=\"elementor-icon-list-text\">Znaczenie i rola technologii asystuj\u0105cych w pracy<\/span><\/li><li><span class=\"elementor-icon-list-text\">Kszta\u0142cenie zawodowe<\/span><\/li><li><span class=\"elementor-icon-list-text\">Absolwenci z niepe\u0142nosprawno\u015bciami na rynku pracy<\/span><\/li><li><span class=\"elementor-icon-list-text\">Czynniki wp\u0142ywaj\u0105ce na wykluczenie os\u00f3b z niepe\u0142nosprawno\u015bciami z rynku pracy<\/span><\/li><li><span class=\"elementor-icon-list-text\">Elastyczne formy pracy i telepraca<\/span><\/li><li><span class=\"elementor-icon-list-text\">Wolontariat i nieodp\u0142atne formy pracy os\u00f3b z niepe\u0142nosprawno\u015bciami;<\/span><\/li><li><span class=\"elementor-icon-list-text\">Rehabilitacja zawodowa<\/span><\/li><li><span class=\"elementor-icon-list-text\">Przedsi\u0119biorstwa spo\u0142eczne a praca os\u00f3b z niepe\u0142nosprawno\u015bciami<\/span><\/li><li><span class=\"elementor-icon-list-text\">Satysfakcja z pracy i relacje zawodowe os\u00f3b z niepe\u0142nosprawno\u015bciami<\/span><\/li><li><span class=\"elementor-icon-list-text\">Przedsi\u0119biorczo\u015b\u0107 os\u00f3b z niepe\u0142nopsrawno\u015bciami\u00a0<\/span><\/li><\/ul><ul class=\"elementor-icon-list-items\"><li class=\"elementor-icon-list-item\"><span class=\"elementor-icon-list-text\">\u00a0<\/span><\/li><li class=\"elementor-icon-list-item\"><span class=\"elementor-icon-list-text\"><span style=\"font-size: 0.875em;\">\u00a0<\/span><\/span><\/li><\/ul>\t\t\t\t\t\t\t\t<\/div>\n\t\t\t\t<\/div>\n\t\t\t\t\t<\/div>\n\t\t<\/div>\n\t\t\t\t\t<\/div>\n\t\t<\/section>\n\t\t\t\t<section class=\"elementor-section elementor-top-section elementor-element elementor-element-f06e77a elementor-section-boxed elementor-section-height-default elementor-section-height-default\" data-id=\"f06e77a\" data-element_type=\"section\" data-e-type=\"section\">\n\t\t\t\t\t\t<div class=\"elementor-container elementor-column-gap-default\">\n\t\t\t\t\t<div class=\"elementor-column elementor-col-50 elementor-top-column elementor-element elementor-element-7d481b2\" data-id=\"7d481b2\" data-element_type=\"column\" data-e-type=\"column\">\n\t\t\t<div class=\"elementor-widget-wrap elementor-element-populated\">\n\t\t\t\t\t\t<div class=\"elementor-element elementor-element-03036c5 elementor-button-warning elementor-align-center elementor-widget elementor-widget-button\" data-id=\"03036c5\" data-element_type=\"widget\" data-e-type=\"widget\" data-widget_type=\"button.default\">\n\t\t\t\t<div class=\"elementor-widget-container\">\n\t\t\t\t\t\t\t\t\t<div class=\"elementor-button-wrapper\">\n\t\t\t\t\t<a class=\"elementor-button elementor-button-link elementor-size-sm\" href=\"https:\/\/ssn-praca.agh.edu.pl\/wp-content\/uploads\/2023\/02\/6_2023-05-10-OKN-Niepelnosprawnosc-i-praca-CFP.pdf\">\n\t\t\t\t\t\t<span class=\"elementor-button-content-wrapper\">\n\t\t\t\t\t\t\t\t\t<span class=\"elementor-button-text\">pobierz CFP<\/span>\n\t\t\t\t\t<\/span>\n\t\t\t\t\t<\/a>\n\t\t\t\t<\/div>\n\t\t\t\t\t\t\t\t<\/div>\n\t\t\t\t<\/div>\n\t\t\t\t\t<\/div>\n\t\t<\/div>\n\t\t\t\t<div class=\"elementor-column elementor-col-50 elementor-top-column elementor-element elementor-element-9c9c122\" data-id=\"9c9c122\" data-element_type=\"column\" data-e-type=\"column\">\n\t\t\t<div class=\"elementor-widget-wrap\">\n\t\t\t\t\t\t\t<\/div>\n\t\t<\/div>\n\t\t\t\t\t<\/div>\n\t\t<\/section>\n\t\t\t\t<section class=\"elementor-section elementor-top-section elementor-element elementor-element-8186862 elementor-section-boxed elementor-section-height-default elementor-section-height-default\" data-id=\"8186862\" data-element_type=\"section\" data-e-type=\"section\">\n\t\t\t\t\t\t<div class=\"elementor-container elementor-column-gap-default\">\n\t\t\t\t\t<div class=\"elementor-column elementor-col-50 elementor-top-column elementor-element elementor-element-51ef60f\" data-id=\"51ef60f\" data-element_type=\"column\" data-e-type=\"column\">\n\t\t\t<div class=\"elementor-widget-wrap elementor-element-populated\">\n\t\t\t\t\t\t<div class=\"elementor-element elementor-element-3841d81 elementor-shape-rounded elementor-grid-0 e-grid-align-center elementor-widget elementor-widget-social-icons\" data-id=\"3841d81\" data-element_type=\"widget\" data-e-type=\"widget\" data-widget_type=\"social-icons.default\">\n\t\t\t\t<div class=\"elementor-widget-container\">\n\t\t\t\t\t\t\t<div class=\"elementor-social-icons-wrapper elementor-grid\" role=\"list\">\n\t\t\t\t\t\t\t<span class=\"elementor-grid-item\" role=\"listitem\">\n\t\t\t\t\t<a class=\"elementor-icon elementor-social-icon elementor-social-icon-facebook elementor-repeater-item-21ccb4e\" target=\"_blank\">\n\t\t\t\t\t\t<span class=\"elementor-screen-only\">Facebook<\/span>\n\t\t\t\t\t\t<i aria-hidden=\"true\" class=\"fab fa-facebook\"><\/i>\t\t\t\t\t<\/a>\n\t\t\t\t<\/span>\n\t\t\t\t\t\t\t<span class=\"elementor-grid-item\" role=\"listitem\">\n\t\t\t\t\t<a class=\"elementor-icon elementor-social-icon elementor-social-icon-youtube elementor-repeater-item-75c63b9\" target=\"_blank\">\n\t\t\t\t\t\t<span class=\"elementor-screen-only\">Youtube<\/span>\n\t\t\t\t\t\t<i aria-hidden=\"true\" class=\"fab fa-youtube\"><\/i>\t\t\t\t\t<\/a>\n\t\t\t\t<\/span>\n\t\t\t\t\t<\/div>\n\t\t\t\t\t\t<\/div>\n\t\t\t\t<\/div>\n\t\t\t\t\t<\/div>\n\t\t<\/div>\n\t\t\t\t<div class=\"elementor-column elementor-col-50 elementor-top-column elementor-element elementor-element-5aff182\" data-id=\"5aff182\" data-element_type=\"column\" data-e-type=\"column\">\n\t\t\t<div class=\"elementor-widget-wrap\">\n\t\t\t\t\t\t\t<\/div>\n\t\t<\/div>\n\t\t\t\t\t<\/div>\n\t\t<\/section>\n\t\t\t\t<section class=\"elementor-section elementor-top-section elementor-element elementor-element-e0a0007 elementor-section-boxed elementor-section-height-default elementor-section-height-default\" data-id=\"e0a0007\" data-element_type=\"section\" data-e-type=\"section\">\n\t\t\t\t\t\t<div class=\"elementor-container elementor-column-gap-default\">\n\t\t\t\t\t<div class=\"elementor-column elementor-col-33 elementor-top-column elementor-element elementor-element-18e7b09\" data-id=\"18e7b09\" data-element_type=\"column\" data-e-type=\"column\">\n\t\t\t<div class=\"elementor-widget-wrap\">\n\t\t\t\t\t\t\t<\/div>\n\t\t<\/div>\n\t\t\t\t<div class=\"elementor-column elementor-col-33 elementor-top-column elementor-element elementor-element-84419c3\" data-id=\"84419c3\" data-element_type=\"column\" data-e-type=\"column\">\n\t\t\t<div class=\"elementor-widget-wrap\">\n\t\t\t\t\t\t\t<\/div>\n\t\t<\/div>\n\t\t\t\t<div class=\"elementor-column elementor-col-33 elementor-top-column elementor-element elementor-element-5c3965a\" data-id=\"5c3965a\" data-element_type=\"column\" data-e-type=\"column\">\n\t\t\t<div class=\"elementor-widget-wrap\">\n\t\t\t\t\t\t\t<\/div>\n\t\t<\/div>\n\t\t\t\t\t<\/div>\n\t\t<\/section>\n\t\t\t\t<\/div>\n\t\t","protected":false},"excerpt":{"rendered":"<p>Cel konferencji Zainicjowanie i stworzenie debaty na temat aktywno\u015bci zawodowej oraz pracy os\u00f3b z niepe\u0142nosprawno\u015bciami ma dzi\u015b istotne znaczenie. Stanowi\u0105 one bowiem w \u017cyciu osoby z niepe\u0142nosprawno\u015bci\u0105 bardzo wa\u017cny element kszta\u0142tuj\u0105cy jej podmiotowo\u015b\u0107 ekonomiczn\u0105 oraz poczucie niezale\u017cno\u015bci i samostanowienia. Wp\u0142ywaj\u0105 te\u017c w istotny spos\u00f3b na to\u017csamo\u015bci budowane przez osoby z&#8230;<\/p>\n","protected":false},"author":1,"featured_media":0,"parent":0,"menu_order":0,"comment_status":"closed","ping_status":"closed","template":"","meta":{"footnotes":""},"class_list":["post-25806","page","type-page","status-publish","hentry"],"yoast_head":"<!-- This site is optimized with the Yoast SEO plugin v19.12 - https:\/\/yoast.com\/wordpress\/plugins\/seo\/ -->\n<title>Konferencje - Sekcja PTS Socjologii Niepe\u0142nosprawno\u015bci<\/title>\n<meta name=\"robots\" content=\"index, follow, max-snippet:-1, max-image-preview:large, max-video-preview:-1\" \/>\n<link rel=\"canonical\" href=\"http:\/\/ssn-pts.pl\/?page_id=25806\" \/>\n<meta property=\"og:locale\" content=\"pl_PL\" \/>\n<meta property=\"og:type\" content=\"article\" \/>\n<meta property=\"og:title\" content=\"Konferencje - Sekcja PTS Socjologii Niepe\u0142nosprawno\u015bci\" \/>\n<meta property=\"og:description\" content=\"Cel konferencji Zainicjowanie i stworzenie debaty na temat aktywno\u015bci zawodowej oraz pracy os\u00f3b z niepe\u0142nosprawno\u015bciami ma dzi\u015b istotne znaczenie. Stanowi\u0105 one bowiem w \u017cyciu osoby z niepe\u0142nosprawno\u015bci\u0105 bardzo wa\u017cny element kszta\u0142tuj\u0105cy jej podmiotowo\u015b\u0107 ekonomiczn\u0105 oraz poczucie niezale\u017cno\u015bci i samostanowienia. Wp\u0142ywaj\u0105 te\u017c w istotny spos\u00f3b na to\u017csamo\u015bci budowane przez osoby z...\" \/>\n<meta property=\"og:url\" content=\"http:\/\/ssn-pts.pl\/?page_id=25806\" \/>\n<meta property=\"og:site_name\" content=\"Sekcja PTS Socjologii Niepe\u0142nosprawno\u015bci\" \/>\n<meta property=\"article:publisher\" content=\"https:\/\/www.facebook.com\/pg\/SSNPTS\" \/>\n<meta property=\"article:modified_time\" content=\"2024-01-29T11:51:37+00:00\" \/>\n<meta property=\"og:image\" content=\"https:\/\/ssn-pts.pl\/wp-content\/uploads\/2023\/02\/2023-05-10-OKN-grafika-2-kwadrat-srednia-768x768.png\" \/>\n<meta name=\"twitter:card\" content=\"summary_large_image\" \/>\n<meta name=\"twitter:label1\" content=\"Szacowany czas czytania\" \/>\n\t<meta name=\"twitter:data1\" content=\"1 minuta\" \/>\n<script type=\"application\/ld+json\" class=\"yoast-schema-graph\">{\"@context\":\"https:\/\/schema.org\",\"@graph\":[{\"@type\":\"WebPage\",\"@id\":\"http:\/\/ssn-pts.pl\/?page_id=25806\",\"url\":\"http:\/\/ssn-pts.pl\/?page_id=25806\",\"name\":\"Konferencje - Sekcja PTS Socjologii Niepe\u0142nosprawno\u015bci\",\"isPartOf\":{\"@id\":\"http:\/\/ssn-pts.pl\/#website\"},\"datePublished\":\"2023-02-23T15:39:27+00:00\",\"dateModified\":\"2024-01-29T11:51:37+00:00\",\"breadcrumb\":{\"@id\":\"http:\/\/ssn-pts.pl\/?page_id=25806#breadcrumb\"},\"inLanguage\":\"pl-PL\",\"potentialAction\":[{\"@type\":\"ReadAction\",\"target\":[\"http:\/\/ssn-pts.pl\/?page_id=25806\"]}]},{\"@type\":\"BreadcrumbList\",\"@id\":\"http:\/\/ssn-pts.pl\/?page_id=25806#breadcrumb\",\"itemListElement\":[{\"@type\":\"ListItem\",\"position\":1,\"name\":\"Strona g\u0142\u00f3wna\",\"item\":\"http:\/\/ssn-pts.pl\/\"},{\"@type\":\"ListItem\",\"position\":2,\"name\":\"Konferencje\"}]},{\"@type\":\"WebSite\",\"@id\":\"http:\/\/ssn-pts.pl\/#website\",\"url\":\"http:\/\/ssn-pts.pl\/\",\"name\":\"Sekcja PTS Socjologia Niepe\u0142nosprawno\u015bci\",\"description\":\"\",\"publisher\":{\"@id\":\"http:\/\/ssn-pts.pl\/#organization\"},\"potentialAction\":[{\"@type\":\"SearchAction\",\"target\":{\"@type\":\"EntryPoint\",\"urlTemplate\":\"http:\/\/ssn-pts.pl\/?s={search_term_string}\"},\"query-input\":\"required name=search_term_string\"}],\"inLanguage\":\"pl-PL\"},{\"@type\":\"Organization\",\"@id\":\"http:\/\/ssn-pts.pl\/#organization\",\"name\":\"Sekcja PTS Socjologia Niepe\u0142nosprawno\u015bci\",\"url\":\"http:\/\/ssn-pts.pl\/\",\"logo\":{\"@type\":\"ImageObject\",\"inLanguage\":\"pl-PL\",\"@id\":\"http:\/\/ssn-pts.pl\/#\/schema\/logo\/image\/\",\"url\":\"http:\/\/socjologianiepelnosprawnosci.pl\/wp-content\/uploads\/2019\/07\/logo.png\",\"contentUrl\":\"http:\/\/socjologianiepelnosprawnosci.pl\/wp-content\/uploads\/2019\/07\/logo.png\",\"width\":872,\"height\":604,\"caption\":\"Sekcja PTS Socjologia Niepe\u0142nosprawno\u015bci\"},\"image\":{\"@id\":\"http:\/\/ssn-pts.pl\/#\/schema\/logo\/image\/\"},\"sameAs\":[\"https:\/\/www.facebook.com\/pg\/SSNPTS\"]}]}<\/script>\n<!-- \/ Yoast SEO plugin. -->","yoast_head_json":{"title":"Konferencje - Sekcja PTS Socjologii Niepe\u0142nosprawno\u015bci","robots":{"index":"index","follow":"follow","max-snippet":"max-snippet:-1","max-image-preview":"max-image-preview:large","max-video-preview":"max-video-preview:-1"},"canonical":"http:\/\/ssn-pts.pl\/?page_id=25806","og_locale":"pl_PL","og_type":"article","og_title":"Konferencje - Sekcja PTS Socjologii Niepe\u0142nosprawno\u015bci","og_description":"Cel konferencji Zainicjowanie i stworzenie debaty na temat aktywno\u015bci zawodowej oraz pracy os\u00f3b z niepe\u0142nosprawno\u015bciami ma dzi\u015b istotne znaczenie. Stanowi\u0105 one bowiem w \u017cyciu osoby z niepe\u0142nosprawno\u015bci\u0105 bardzo wa\u017cny element kszta\u0142tuj\u0105cy jej podmiotowo\u015b\u0107 ekonomiczn\u0105 oraz poczucie niezale\u017cno\u015bci i samostanowienia. Wp\u0142ywaj\u0105 te\u017c w istotny spos\u00f3b na to\u017csamo\u015bci budowane przez osoby z...","og_url":"http:\/\/ssn-pts.pl\/?page_id=25806","og_site_name":"Sekcja PTS Socjologii Niepe\u0142nosprawno\u015bci","article_publisher":"https:\/\/www.facebook.com\/pg\/SSNPTS","article_modified_time":"2024-01-29T11:51:37+00:00","og_image":[{"url":"https:\/\/ssn-pts.pl\/wp-content\/uploads\/2023\/02\/2023-05-10-OKN-grafika-2-kwadrat-srednia-768x768.png"}],"twitter_card":"summary_large_image","twitter_misc":{"Szacowany czas czytania":"1 minuta"},"schema":{"@context":"https:\/\/schema.org","@graph":[{"@type":"WebPage","@id":"http:\/\/ssn-pts.pl\/?page_id=25806","url":"http:\/\/ssn-pts.pl\/?page_id=25806","name":"Konferencje - Sekcja PTS Socjologii Niepe\u0142nosprawno\u015bci","isPartOf":{"@id":"http:\/\/ssn-pts.pl\/#website"},"datePublished":"2023-02-23T15:39:27+00:00","dateModified":"2024-01-29T11:51:37+00:00","breadcrumb":{"@id":"http:\/\/ssn-pts.pl\/?page_id=25806#breadcrumb"},"inLanguage":"pl-PL","potentialAction":[{"@type":"ReadAction","target":["http:\/\/ssn-pts.pl\/?page_id=25806"]}]},{"@type":"BreadcrumbList","@id":"http:\/\/ssn-pts.pl\/?page_id=25806#breadcrumb","itemListElement":[{"@type":"ListItem","position":1,"name":"Strona g\u0142\u00f3wna","item":"http:\/\/ssn-pts.pl\/"},{"@type":"ListItem","position":2,"name":"Konferencje"}]},{"@type":"WebSite","@id":"http:\/\/ssn-pts.pl\/#website","url":"http:\/\/ssn-pts.pl\/","name":"Sekcja PTS Socjologia Niepe\u0142nosprawno\u015bci","description":"","publisher":{"@id":"http:\/\/ssn-pts.pl\/#organization"},"potentialAction":[{"@type":"SearchAction","target":{"@type":"EntryPoint","urlTemplate":"http:\/\/ssn-pts.pl\/?s={search_term_string}"},"query-input":"required name=search_term_string"}],"inLanguage":"pl-PL"},{"@type":"Organization","@id":"http:\/\/ssn-pts.pl\/#organization","name":"Sekcja PTS Socjologia Niepe\u0142nosprawno\u015bci","url":"http:\/\/ssn-pts.pl\/","logo":{"@type":"ImageObject","inLanguage":"pl-PL","@id":"http:\/\/ssn-pts.pl\/#\/schema\/logo\/image\/","url":"http:\/\/socjologianiepelnosprawnosci.pl\/wp-content\/uploads\/2019\/07\/logo.png","contentUrl":"http:\/\/socjologianiepelnosprawnosci.pl\/wp-content\/uploads\/2019\/07\/logo.png","width":872,"height":604,"caption":"Sekcja PTS Socjologia Niepe\u0142nosprawno\u015bci"},"image":{"@id":"http:\/\/ssn-pts.pl\/#\/schema\/logo\/image\/"},"sameAs":["https:\/\/www.facebook.com\/pg\/SSNPTS"]}]}},"_links":{"self":[{"href":"https:\/\/ssn-pts.pl\/index.php?rest_route=\/wp\/v2\/pages\/25806"}],"collection":[{"href":"https:\/\/ssn-pts.pl\/index.php?rest_route=\/wp\/v2\/pages"}],"about":[{"href":"https:\/\/ssn-pts.pl\/index.php?rest_route=\/wp\/v2\/types\/page"}],"author":[{"embeddable":true,"href":"https:\/\/ssn-pts.pl\/index.php?rest_route=\/wp\/v2\/users\/1"}],"replies":[{"embeddable":true,"href":"https:\/\/ssn-pts.pl\/index.php?rest_route=%2Fwp%2Fv2%2Fcomments&post=25806"}],"version-history":[{"count":37,"href":"https:\/\/ssn-pts.pl\/index.php?rest_route=\/wp\/v2\/pages\/25806\/revisions"}],"predecessor-version":[{"id":26018,"href":"https:\/\/ssn-pts.pl\/index.php?rest_route=\/wp\/v2\/pages\/25806\/revisions\/26018"}],"wp:attachment":[{"href":"https:\/\/ssn-pts.pl\/index.php?rest_route=%2Fwp%2Fv2%2Fmedia&parent=25806"}],"curies":[{"name":"wp","href":"https:\/\/api.w.org\/{rel}","templated":true}]}}